{"id":270,"date":"2021-01-26T14:53:26","date_gmt":"2021-01-26T14:53:26","guid":{"rendered":"http:\/\/unisinos.br\/vidamigrante\/?page_id=270"},"modified":"2021-02-19T14:26:00","modified_gmt":"2021-02-19T14:26:00","slug":"equipe","status":"publish","type":"page","link":"https:\/\/unisinos.br\/vidamigrante\/equipe","title":{"rendered":"Equipe"},"content":{"rendered":"\t\t<div data-elementor-type=\"wp-page\" data-elementor-id=\"270\" class=\"elementor elementor-270\" data-elementor-post-type=\"page\">\n\t\t\t\t\t\t<section class=\"elementor-section elementor-top-section elementor-element elementor-element-8481fa3 elementor-section-full_width elementor-section-height-default elementor-section-height-default\" data-id=\"8481fa3\" data-element_type=\"section\">\n\t\t\t\t\t\t<div class=\"elementor-container elementor-column-gap-default\">\n\t\t\t\t\t<div class=\"elementor-column elementor-col-100 elementor-top-column elementor-element elementor-element-d1865b5\" data-id=\"d1865b5\" data-element_type=\"column\" data-settings=\"{&quot;background_background&quot;:&quot;classic&quot;}\">\n\t\t\t<div class=\"elementor-widget-wrap elementor-element-populated\">\n\t\t\t\t\t\t<div class=\"elementor-element elementor-element-e8ab4bb elementor-widget elementor-widget-heading\" data-id=\"e8ab4bb\" data-element_type=\"widget\" data-widget_type=\"heading.default\">\n\t\t\t\t<div class=\"elementor-widget-container\">\n\t\t\t\t\t<h2 class=\"elementor-heading-title elementor-size-default\">Equipe<\/h2>\t\t\t\t<\/div>\n\t\t\t\t<\/div>\n\t\t\t\t\t<\/div>\n\t\t<\/div>\n\t\t\t\t\t<\/div>\n\t\t<\/section>\n\t\t\t\t<section class=\"elementor-section elementor-top-section elementor-element elementor-element-1ca8106 elementor-section-boxed elementor-section-height-default elementor-section-height-default\" data-id=\"1ca8106\" data-element_type=\"section\">\n\t\t\t\t\t\t<div class=\"elementor-container elementor-column-gap-default\">\n\t\t\t\t\t<div class=\"elementor-column elementor-col-100 elementor-top-column elementor-element elementor-element-0c1d4f2\" data-id=\"0c1d4f2\" data-element_type=\"column\">\n\t\t\t<div class=\"elementor-widget-wrap elementor-element-populated\">\n\t\t\t\t\t\t<div class=\"elementor-element elementor-element-6d5e9bc elementor-widget__width-initial elementor-widget elementor-widget-text-editor\" data-id=\"6d5e9bc\" data-element_type=\"widget\" data-widget_type=\"text-editor.default\">\n\t\t\t\t<div class=\"elementor-widget-container\">\n\t\t\t\t\t\t\t\t\t<p>O Projeto Vida Migrante \u00e9 composto por muitas pessoas, confira quem s\u00e3o!<\/p>\t\t\t\t\t\t\t\t<\/div>\n\t\t\t\t<\/div>\n\t\t\t\t\t<\/div>\n\t\t<\/div>\n\t\t\t\t\t<\/div>\n\t\t<\/section>\n\t\t\t\t<section class=\"elementor-section elementor-top-section elementor-element elementor-element-593e924 elementor-section-boxed elementor-section-height-default elementor-section-height-default\" data-id=\"593e924\" data-element_type=\"section\">\n\t\t\t\t\t\t<div class=\"elementor-container elementor-column-gap-default\">\n\t\t\t\t\t<div class=\"elementor-column elementor-col-100 elementor-top-column elementor-element elementor-element-443c63b\" data-id=\"443c63b\" data-element_type=\"column\">\n\t\t\t<div class=\"elementor-widget-wrap elementor-element-populated\">\n\t\t\t\t\t\t<div class=\"elementor-element elementor-element-f2bfbd4 elementor-widget elementor-widget-heading\" data-id=\"f2bfbd4\" data-element_type=\"widget\" data-widget_type=\"heading.default\">\n\t\t\t\t<div class=\"elementor-widget-container\">\n\t\t\t\t\t<h2 class=\"elementor-heading-title elementor-size-default\">Coordena\u00e7\u00e3o Geral<\/h2>\t\t\t\t<\/div>\n\t\t\t\t<\/div>\n\t\t\t\t<div class=\"elementor-element elementor-element-76b6e38 elementor-widget elementor-widget-text-editor\" data-id=\"76b6e38\" data-element_type=\"widget\" data-widget_type=\"text-editor.default\">\n\t\t\t\t<div class=\"elementor-widget-container\">\n\t\t\t\t\t\t\t\t\t<p>Profa. Maura Corccini, Decana da Escola de Humanidades<\/p><p>Profa. N\u00e1dia Barbacovi Menezes, Coordenadora do Curso de Rela\u00e7\u00f5es Internacionais e da Especializa\u00e7\u00e3o em Rela\u00e7\u00f5es Internacionais e Diplomacia<\/p><p>Prof. \u00c1lvaro Augusto Stumpf Paes Leme, Coordenador do Curso de Rela\u00e7\u00f5es<\/p><p>Prof. Marcos Aur\u00e9lio Barbosa dos Reis, Coordenador da Especializa\u00e7\u00e3o em Rela\u00e7\u00f5es Internacionais e Diplomacia<\/p>\t\t\t\t\t\t\t\t<\/div>\n\t\t\t\t<\/div>\n\t\t\t\t\t<\/div>\n\t\t<\/div>\n\t\t\t\t\t<\/div>\n\t\t<\/section>\n\t\t\t\t<section class=\"elementor-section elementor-top-section elementor-element elementor-element-cc573f3 elementor-section-boxed elementor-section-height-default elementor-section-height-default\" data-id=\"cc573f3\" data-element_type=\"section\">\n\t\t\t\t\t\t<div class=\"elementor-container elementor-column-gap-default\">\n\t\t\t\t\t<div class=\"elementor-column elementor-col-100 elementor-top-column elementor-element elementor-element-f33ba5f\" data-id=\"f33ba5f\" data-element_type=\"column\">\n\t\t\t<div class=\"elementor-widget-wrap elementor-element-populated\">\n\t\t\t\t\t\t<div class=\"elementor-element elementor-element-8a324b6 elementor-widget elementor-widget-heading\" data-id=\"8a324b6\" data-element_type=\"widget\" data-widget_type=\"heading.default\">\n\t\t\t\t<div class=\"elementor-widget-container\">\n\t\t\t\t\t<h2 class=\"elementor-heading-title elementor-size-default\">Coordena\u00e7\u00e3o  Executiva<\/h2>\t\t\t\t<\/div>\n\t\t\t\t<\/div>\n\t\t\t\t<div class=\"elementor-element elementor-element-3185269 elementor-widget elementor-widget-text-editor\" data-id=\"3185269\" data-element_type=\"widget\" data-widget_type=\"text-editor.default\">\n\t\t\t\t<div class=\"elementor-widget-container\">\n\t\t\t\t\t\t\t\t\t<p>Profa. Sofia Isabel Vizcarra Castillo (Curso de Rela\u00e7\u00f5es Internacionais)<\/p>\t\t\t\t\t\t\t\t<\/div>\n\t\t\t\t<\/div>\n\t\t\t\t\t<\/div>\n\t\t<\/div>\n\t\t\t\t\t<\/div>\n\t\t<\/section>\n\t\t\t\t<section class=\"elementor-section elementor-top-section elementor-element elementor-element-c0f27df elementor-section-boxed elementor-section-height-default elementor-section-height-default\" data-id=\"c0f27df\" data-element_type=\"section\">\n\t\t\t\t\t\t<div class=\"elementor-container elementor-column-gap-default\">\n\t\t\t\t\t<div class=\"elementor-column elementor-col-100 elementor-top-column elementor-element elementor-element-026aa99\" data-id=\"026aa99\" data-element_type=\"column\">\n\t\t\t<div class=\"elementor-widget-wrap elementor-element-populated\">\n\t\t\t\t\t\t<div class=\"elementor-element elementor-element-6dae1d5 elementor-widget elementor-widget-heading\" data-id=\"6dae1d5\" data-element_type=\"widget\" data-widget_type=\"heading.default\">\n\t\t\t\t<div class=\"elementor-widget-container\">\n\t\t\t\t\t<h2 class=\"elementor-heading-title elementor-size-default\">N\u00facleo Executivo<\/h2>\t\t\t\t<\/div>\n\t\t\t\t<\/div>\n\t\t\t\t<div class=\"elementor-element elementor-element-f3a5f13 elementor-widget elementor-widget-text-editor\" data-id=\"f3a5f13\" data-element_type=\"widget\" data-widget_type=\"text-editor.default\">\n\t\t\t\t<div class=\"elementor-widget-container\">\n\t\t\t\t\t\t\t\t\t<p>Prof. Anselmo Otavio (Curso de Rela\u00e7\u00f5es Internacionais)<\/p><p>Profa. Cleonice Rocha (Curso de Servi\u00e7o Social)<\/p><p>Profa. Eduarda Figuereido Scheibe (Curso de Rela\u00e7\u00f5es Internacionais)<\/p><p>Profa. Quelen Cassini Guedes (Curso de Rela\u00e7\u00f5es Internacionais)<\/p>\t\t\t\t\t\t\t\t<\/div>\n\t\t\t\t<\/div>\n\t\t\t\t\t<\/div>\n\t\t<\/div>\n\t\t\t\t\t<\/div>\n\t\t<\/section>\n\t\t\t\t<section class=\"elementor-section elementor-top-section elementor-element elementor-element-4c597aa elementor-section-boxed elementor-section-height-default elementor-section-height-default\" data-id=\"4c597aa\" data-element_type=\"section\">\n\t\t\t\t\t\t<div class=\"elementor-container elementor-column-gap-default\">\n\t\t\t\t\t<div class=\"elementor-column elementor-col-100 elementor-top-column elementor-element elementor-element-38301f3\" data-id=\"38301f3\" data-element_type=\"column\">\n\t\t\t<div class=\"elementor-widget-wrap elementor-element-populated\">\n\t\t\t\t\t\t<div class=\"elementor-element elementor-element-0a1146f elementor-widget elementor-widget-heading\" data-id=\"0a1146f\" data-element_type=\"widget\" data-widget_type=\"heading.default\">\n\t\t\t\t<div class=\"elementor-widget-container\">\n\t\t\t\t\t<h2 class=\"elementor-heading-title elementor-size-default\">Equipe Discente UNISINOS \u2013 Suporte Geral<\/h2>\t\t\t\t<\/div>\n\t\t\t\t<\/div>\n\t\t\t\t<div class=\"elementor-element elementor-element-fcc2e39 elementor-widget elementor-widget-text-editor\" data-id=\"fcc2e39\" data-element_type=\"widget\" data-widget_type=\"text-editor.default\">\n\t\t\t\t<div class=\"elementor-widget-container\">\n\t\t\t\t\t\t\t\t\t<p>Ana Clara Nunes Hansen, Graduanda do Curso de Rela\u00e7\u00f5es Internacionais<\/p><p>Andressa Carvalho Ughini, Graduanda do Curso de Rela\u00e7\u00f5es Internacionais<\/p><p>Arthur Martini Bronzatti, Graduando do Curso de Rela\u00e7\u00f5es Internacionais<\/p><p>Debora Rhoden, Graduanda do Curso de Servi\u00e7o Social<\/p><p>Henrique Schardosim de Barros, Graduando do Curso de Rela\u00e7\u00f5es Internacionais<\/p><p>Kethelin Wisnieski Barreto Alves, Graduanda do Curso de Rela\u00e7\u00f5es Internacionais<\/p><p>Lu\u00edsa Helena Benites Botelho, Graduanda do Curso de Rela\u00e7\u00f5es Internacionais<\/p>\t\t\t\t\t\t\t\t<\/div>\n\t\t\t\t<\/div>\n\t\t\t\t\t<\/div>\n\t\t<\/div>\n\t\t\t\t\t<\/div>\n\t\t<\/section>\n\t\t\t\t<\/div>\n\t\t","protected":false},"excerpt":{"rendered":"<p>Equipe O Projeto Vida Migrante \u00e9 composto por muitas pessoas, confira quem s\u00e3o! Coordena\u00e7\u00e3o Geral Profa. Maura Corccini, Decana da Escola de Humanidades Profa. N\u00e1dia Barbacovi Menezes, Coordenadora do Curso de Rela\u00e7\u00f5es Internacionais e da Especializa\u00e7\u00e3o em Rela\u00e7\u00f5es Internacionais e Diplomacia Prof. \u00c1lvaro Augusto Stumpf Paes Leme, Coordenador do Curso de Rela\u00e7\u00f5es Prof. Marcos Aur\u00e9lio [&hellip;]<\/p>\n","protected":false},"author":1,"featured_media":0,"parent":0,"menu_order":0,"comment_status":"closed","ping_status":"closed","template":"","meta":{"_joinchat":[],"footnotes":""},"class_list":["post-270","page","type-page","status-publish","hentry"],"_links":{"self":[{"href":"https:\/\/unisinos.br\/vidamigrante\/wp-json\/wp\/v2\/pages\/270","targetHints":{"allow":["GET"]}}],"collection":[{"href":"https:\/\/unisinos.br\/vidamigrante\/wp-json\/wp\/v2\/pages"}],"about":[{"href":"https:\/\/unisinos.br\/vidamigrante\/wp-json\/wp\/v2\/types\/page"}],"author":[{"embeddable":true,"href":"https:\/\/unisinos.br\/vidamigrante\/wp-json\/wp\/v2\/users\/1"}],"replies":[{"embeddable":true,"href":"https:\/\/unisinos.br\/vidamigrante\/wp-json\/wp\/v2\/comments?post=270"}],"version-history":[{"count":17,"href":"https:\/\/unisinos.br\/vidamigrante\/wp-json\/wp\/v2\/pages\/270\/revisions"}],"predecessor-version":[{"id":867,"href":"https:\/\/unisinos.br\/vidamigrante\/wp-json\/wp\/v2\/pages\/270\/revisions\/867"}],"wp:attachment":[{"href":"https:\/\/unisinos.br\/vidamigrante\/wp-json\/wp\/v2\/media?parent=270"}],"curies":[{"name":"wp","href":"https:\/\/api.w.org\/{rel}","templated":true}]}}

<div data-elementor-type="wp-page" data-elementor-id="270" class="elementor elementor-270" data-elementor-post-type="page">
						<section class="elementor-section elementor-top-section elementor-element elementor-element-8481fa3 elementor-section-full_width elementor-section-height-default elementor-section-height-default" data-id="8481fa3" data-element_type="section">
						<div class="elementor-container elementor-column-gap-default">
					<div class="elementor-column elementor-col-100 elementor-top-column elementor-element elementor-element-d1865b5" data-id="d1865b5" data-element_type="column" data-settings="{&quot;background_background&quot;:&quot;classic&quot;}">
			<div class="elementor-widget-wrap elementor-element-populated">
						<div class="elementor-element elementor-element-e8ab4bb elementor-widget elementor-widget-heading" data-id="e8ab4bb" data-element_type="widget" data-widget_type="heading.default">
				<div class="elementor-widget-container">
					<h2 class="elementor-heading-title elementor-size-default">Equipe</h2>				</div>
				</div>
					</div>
		</div>
					</div>
		</section>
				<section class="elementor-section elementor-top-section elementor-element elementor-element-1ca8106 elementor-section-boxed elementor-section-height-default elementor-section-height-default" data-id="1ca8106" data-element_type="section">
						<div class="elementor-container elementor-column-gap-default">
					<div class="elementor-column elementor-col-100 elementor-top-column elementor-element elementor-element-0c1d4f2" data-id="0c1d4f2" data-element_type="column">
			<div class="elementor-widget-wrap elementor-element-populated">
						<div class="elementor-element elementor-element-6d5e9bc elementor-widget__width-initial elementor-widget elementor-widget-text-editor" data-id="6d5e9bc" data-element_type="widget" data-widget_type="text-editor.default">
				<div class="elementor-widget-container">
									<p>O Projeto Vida Migrante é composto por muitas pessoas, confira quem são!</p>								</div>
				</div>
					</div>
		</div>
					</div>
		</section>
				<section class="elementor-section elementor-top-section elementor-element elementor-element-593e924 elementor-section-boxed elementor-section-height-default elementor-section-height-default" data-id="593e924" data-element_type="section">
						<div class="elementor-container elementor-column-gap-default">
					<div class="elementor-column elementor-col-100 elementor-top-column elementor-element elementor-element-443c63b" data-id="443c63b" data-element_type="column">
			<div class="elementor-widget-wrap elementor-element-populated">
						<div class="elementor-element elementor-element-f2bfbd4 elementor-widget elementor-widget-heading" data-id="f2bfbd4" data-element_type="widget" data-widget_type="heading.default">
				<div class="elementor-widget-container">
					<h2 class="elementor-heading-title elementor-size-default">Coordenação Geral</h2>				</div>
				</div>
				<div class="elementor-element elementor-element-76b6e38 elementor-widget elementor-widget-text-editor" data-id="76b6e38" data-element_type="widget" data-widget_type="text-editor.default">
				<div class="elementor-widget-container">
									<p>Profa. Maura Corccini, Decana da Escola de Humanidades</p><p>Profa. Nádia Barbacovi Menezes, Coordenadora do Curso de Relações Internacionais e da Especialização em Relações Internacionais e Diplomacia</p><p>Prof. Álvaro Augusto Stumpf Paes Leme, Coordenador do Curso de Relações</p><p>Prof. Marcos Aurélio Barbosa dos Reis, Coordenador da Especialização em Relações Internacionais e Diplomacia</p>								</div>
				</div>
					</div>
		</div>
					</div>
		</section>
				<section class="elementor-section elementor-top-section elementor-element elementor-element-cc573f3 elementor-section-boxed elementor-section-height-default elementor-section-height-default" data-id="cc573f3" data-element_type="section">
						<div class="elementor-container elementor-column-gap-default">
					<div class="elementor-column elementor-col-100 elementor-top-column elementor-element elementor-element-f33ba5f" data-id="f33ba5f" data-element_type="column">
			<div class="elementor-widget-wrap elementor-element-populated">
						<div class="elementor-element elementor-element-8a324b6 elementor-widget elementor-widget-heading" data-id="8a324b6" data-element_type="widget" data-widget_type="heading.default">
				<div class="elementor-widget-container">
					<h2 class="elementor-heading-title elementor-size-default">Coordenação  Executiva</h2>				</div>
				</div>
				<div class="elementor-element elementor-element-3185269 elementor-widget elementor-widget-text-editor" data-id="3185269" data-element_type="widget" data-widget_type="text-editor.default">
				<div class="elementor-widget-container">
									<p>Profa. Sofia Isabel Vizcarra Castillo (Curso de Relações Internacionais)</p>								</div>
				</div>
					</div>
		</div>
					</div>
		</section>
				<section class="elementor-section elementor-top-section elementor-element elementor-element-c0f27df elementor-section-boxed elementor-section-height-default elementor-section-height-default" data-id="c0f27df" data-element_type="section">
						<div class="elementor-container elementor-column-gap-default">
					<div class="elementor-column elementor-col-100 elementor-top-column elementor-element elementor-element-026aa99" data-id="026aa99" data-element_type="column">
			<div class="elementor-widget-wrap elementor-element-populated">
						<div class="elementor-element elementor-element-6dae1d5 elementor-widget elementor-widget-heading" data-id="6dae1d5" data-element_type="widget" data-widget_type="heading.default">
				<div class="elementor-widget-container">
					<h2 class="elementor-heading-title elementor-size-default">Núcleo Executivo</h2>				</div>
				</div>
				<div class="elementor-element elementor-element-f3a5f13 elementor-widget elementor-widget-text-editor" data-id="f3a5f13" data-element_type="widget" data-widget_type="text-editor.default">
				<div class="elementor-widget-container">
									<p>Prof. Anselmo Otavio (Curso de Relações Internacionais)</p><p>Profa. Cleonice Rocha (Curso de Serviço Social)</p><p>Profa. Eduarda Figuereido Scheibe (Curso de Relações Internacionais)</p><p>Profa. Quelen Cassini Guedes (Curso de Relações Internacionais)</p>								</div>
				</div>
					</div>
		</div>
					</div>
		</section>
				<section class="elementor-section elementor-top-section elementor-element elementor-element-4c597aa elementor-section-boxed elementor-section-height-default elementor-section-height-default" data-id="4c597aa" data-element_type="section">
						<div class="elementor-container elementor-column-gap-default">
					<div class="elementor-column elementor-col-100 elementor-top-column elementor-element elementor-element-38301f3" data-id="38301f3" data-element_type="column">
			<div class="elementor-widget-wrap elementor-element-populated">
						<div class="elementor-element elementor-element-0a1146f elementor-widget elementor-widget-heading" data-id="0a1146f" data-element_type="widget" data-widget_type="heading.default">
				<div class="elementor-widget-container">
					<h2 class="elementor-heading-title elementor-size-default">Equipe Discente UNISINOS – Suporte Geral</h2>				</div>
				</div>
				<div class="elementor-element elementor-element-fcc2e39 elementor-widget elementor-widget-text-editor" data-id="fcc2e39" data-element_type="widget" data-widget_type="text-editor.default">
				<div class="elementor-widget-container">
									<p>Ana Clara Nunes Hansen, Graduanda do Curso de Relações Internacionais</p><p>Andressa Carvalho Ughini, Graduanda do Curso de Relações Internacionais</p><p>Arthur Martini Bronzatti, Graduando do Curso de Relações Internacionais</p><p>Debora Rhoden, Graduanda do Curso de Serviço Social</p><p>Henrique Schardosim de Barros, Graduando do Curso de Relações Internacionais</p><p>Kethelin Wisnieski Barreto Alves, Graduanda do Curso de Relações Internacionais</p><p>Luísa Helena Benites Botelho, Graduanda do Curso de Relações Internacionais</p>								</div>
				</div>
					</div>
		</div>
					</div>
		</section>
				</div>

<p>Equipe O Projeto Vida Migrante é composto por muitas pessoas, confira quem são! Coordenação Geral Profa. Maura Corccini, Decana da Escola de Humanidades Profa. Nádia Barbacovi Menezes, Coordenadora do Curso de Relações Internacionais e da Especialização em Relações Internacionais e Diplomacia Prof. Álvaro Augusto Stumpf Paes Leme, Coordenador do Curso de Relações Prof. Marcos Aurélio [&hellip;]</p>
