{"id":532,"date":"2021-02-03T14:23:00","date_gmt":"2021-02-03T14:23:00","guid":{"rendered":"http:\/\/unisinos.br\/vidamigrante\/?post_type=modulos-aprendizagem&#038;p=532"},"modified":"2021-02-19T18:11:12","modified_gmt":"2021-02-19T18:11:12","slug":"modulo-3-cuidados-com-a-saude","status":"publish","type":"modulos-aprendizagem","link":"https:\/\/unisinos.br\/vidamigrante\/modulos-aprendizagem\/modulo-3-cuidados-com-a-saude","title":{"rendered":"M\u00f3dulo 3: Cuidados com a sa\u00fade (PT)"},"content":{"rendered":"\n<p>O M\u00f3dulo 3 visa a abordar o funcionamento do sistema p\u00fablico de sa\u00fade no Brasil e o acesso a esse sistema. Para isso, trazemos informa\u00e7\u00f5es sobre o SUS (Sistema \u00danico de Sa\u00fade), o papel das UBSs e das UPAs no atendimento \u00e0 popula\u00e7\u00e3o e tamb\u00e9m algumas formas de acesso a esses servi\u00e7os, como o cart\u00e3o SUS. Este m\u00f3dulo tamb\u00e9m traz informa\u00e7\u00f5es sobre a Caderneta da Crian\u00e7a, que possibilita o acompanhamento do desenvolvimento da crian\u00e7a, pr\u00e1ticas envolvendo campanhas de preven\u00e7\u00e3o e vacina\u00e7\u00e3o e situa\u00e7\u00f5es de intera\u00e7\u00e3o m\u00e9dico-paciente e prescri\u00e7\u00e3o m\u00e9dica.<\/p>\n\n\n\n<figure class=\"wp-block-pullquote\"><blockquote><p>O M\u00f3dulo 3 \u00e9 composto por 4 videoaulas e por atividades disponibilizadas em pdf que podem ser realizadas pelos alunos para praticar a l\u00edngua. As atividades incluem respostas comentadas.<\/p><\/blockquote><\/figure>\n\n\n\n<figure class=\"wp-block-embed is-type-video is-provider-youtube wp-block-embed-youtube wp-embed-aspect-16-9 wp-has-aspect-ratio\"><div class=\"wp-block-embed__wrapper\">\n<iframe title=\"M\u00d3DULO 3: CUIDADOS COM A SUA SA\u00daDE \/\/ Videoaula 1 - Sa\u00fade no Brasil\" width=\"800\" height=\"450\" src=\"https:\/\/www.youtube.com\/embed\/9rd-LUnvwaM?feature=oembed\" frameborder=\"0\" allow=\"accelerometer; autoplay; clipboard-write; encrypted-media; gyroscope; picture-in-picture\" allowfullscreen><\/iframe>\n<\/div><figcaption>V\u00eddeo 1: <strong>Sa\u00fade no Brasil<\/strong><\/figcaption><\/figure>\n\n\n\n<div style=\"height:60px\" aria-hidden=\"true\" class=\"wp-block-spacer\"><\/div>\n\n\n\n<figure class=\"wp-block-embed is-type-video is-provider-youtube wp-block-embed-youtube wp-embed-aspect-16-9 wp-has-aspect-ratio\"><div class=\"wp-block-embed__wrapper\">\n<iframe title=\"M\u00d3DULO 3: CUIDADOS COM A SUA SA\u00daDE \/\/ Videoaula 2 - H\u00e1 quanto tempo voc\u00ea est\u00e1 sentindo dores de cabe\" width=\"800\" height=\"450\" src=\"https:\/\/www.youtube.com\/embed\/gFZIa9EZMhw?feature=oembed\" frameborder=\"0\" allow=\"accelerometer; autoplay; clipboard-write; encrypted-media; gyroscope; picture-in-picture\" allowfullscreen><\/iframe>\n<\/div><figcaption>V\u00eddeo 2: <strong>H\u00e1 quanto tempo est\u00e1 sentindo dores na cabe\u00e7a?<\/strong><\/figcaption><\/figure>\n\n\n\n<div style=\"height:60px\" aria-hidden=\"true\" class=\"wp-block-spacer\"><\/div>\n\n\n\n<figure class=\"wp-block-embed is-type-video is-provider-youtube wp-block-embed-youtube wp-embed-aspect-16-9 wp-has-aspect-ratio\"><div class=\"wp-block-embed__wrapper\">\n<iframe title=\"M\u00d3DULO 3: CUIDADOS COM A SUA SA\u00daDE \/\/ Videoaula 3 - Vou prescrever uma medica\u00e7\u00e3o para voc\u00ea\" width=\"800\" height=\"450\" src=\"https:\/\/www.youtube.com\/embed\/losCCgeQ16A?feature=oembed\" frameborder=\"0\" allow=\"accelerometer; autoplay; clipboard-write; encrypted-media; gyroscope; picture-in-picture\" allowfullscreen><\/iframe>\n<\/div><figcaption>V\u00eddo 3: <strong>Vou prescrever uma medica\u00e7\u00e3o para voc\u00ea<\/strong><\/figcaption><\/figure>\n\n\n\n<div style=\"height:60px\" aria-hidden=\"true\" class=\"wp-block-spacer\"><\/div>\n\n\n\n<figure class=\"wp-block-embed is-type-video is-provider-youtube wp-block-embed-youtube wp-embed-aspect-16-9 wp-has-aspect-ratio\"><div class=\"wp-block-embed__wrapper\">\n<iframe title=\"M\u00d3DULO 3: CUIDADOS COM A SUA SA\u00daDE \/\/ Videoaula 4 \u2013 Vacina\u00e7\u00e3o: proteja-se e proteja quem voc\u00ea ama\" width=\"800\" height=\"450\" src=\"https:\/\/www.youtube.com\/embed\/96C65FKDn9Y?feature=oembed\" frameborder=\"0\" allow=\"accelerometer; autoplay; clipboard-write; encrypted-media; gyroscope; picture-in-picture\" allowfullscreen><\/iframe>\n<\/div><figcaption>V\u00eddeo 4: Vacina\u00e7\u00e3o, proteja-se e proteja quem voc\u00ea ama.<\/figcaption><\/figure>\n\n\n\n<div style=\"height:60px\" aria-hidden=\"true\" class=\"wp-block-spacer\"><\/div>\n\n\n\n<div class=\"wp-block-buttons is-layout-flex wp-block-buttons-is-layout-flex\">\n<div class=\"wp-block-button\"><a class=\"wp-block-button__link has-white-color has-vivid-cyan-blue-background-color has-text-color has-background\" href=\"http:\/\/unisinos.br\/vidamigrante\/wp-content\/uploads\/2021\/02\/atividades-modulo-3.pdf\" target=\"_blank\" rel=\"noreferrer noopener\">Baixe os exerc\u00edcios comentados (.pdf)<\/a><\/div>\n<\/div>\n\n\n\n<div style=\"height:60px\" aria-hidden=\"true\" class=\"wp-block-spacer\"><\/div>\n\n\n\n<p><strong>Compet\u00eancias:<\/strong><\/p>\n\n\n\n<ul class=\"wp-block-list\"><li>Conhecer o Sistema \u00danico de Sa\u00fade, seu funcionamento e as formas de acess\u00e1-lo.<\/li><li>Familiarizar-se com pr\u00e1ticas sociais relativas ao SUS, a realiza\u00e7\u00e3o de consultas m\u00e9dicas, a situa\u00e7\u00f5es de prescri\u00e7\u00f5es, ampliando oportunidades de participa\u00e7\u00e3o nessas pr\u00e1ticas.<\/li><li>Lidar com textos orais e escritos que permeiam essas situa\u00e7\u00f5es de comunica\u00e7\u00e3o (campanhas de vacina\u00e7\u00e3o, Caderneta de Sa\u00fade da Crian\u00e7a, Cart\u00e3o SUS, receita m\u00e9dica).<\/li><li>Conhecer vocabul\u00e1rio e estruturas lingu\u00edsticas espec\u00edficas envolvidas nesses contextos situados, em uma perspectiva de l\u00edngua como pr\u00e1tica social.<\/li><\/ul>\n\n\n\n<p><strong>Conte\u00fados:<\/strong><\/p>\n\n\n\n<ul class=\"wp-block-list\"><li>Vocabul\u00e1rio espec\u00edfico relativo \u00e0 \u00e1rea da sa\u00fade.<\/li><li>Recursos lingu\u00edsticos envolvendo sintomas, partes do corpo, medicamentos, dosagens.<\/li><\/ul>\n\n\n\n<p><\/p>\n","protected":false},"featured_media":0,"template":"","class_list":["post-532","modulos-aprendizagem","type-modulos-aprendizagem","status-publish","hentry"],"_links":{"self":[{"href":"https:\/\/unisinos.br\/vidamigrante\/wp-json\/wp\/v2\/modulos-aprendizagem\/532","targetHints":{"allow":["GET"]}}],"collection":[{"href":"https:\/\/unisinos.br\/vidamigrante\/wp-json\/wp\/v2\/modulos-aprendizagem"}],"about":[{"href":"https:\/\/unisinos.br\/vidamigrante\/wp-json\/wp\/v2\/types\/modulos-aprendizagem"}],"version-history":[{"count":6,"href":"https:\/\/unisinos.br\/vidamigrante\/wp-json\/wp\/v2\/modulos-aprendizagem\/532\/revisions"}],"predecessor-version":[{"id":900,"href":"https:\/\/unisinos.br\/vidamigrante\/wp-json\/wp\/v2\/modulos-aprendizagem\/532\/revisions\/900"}],"wp:attachment":[{"href":"https:\/\/unisinos.br\/vidamigrante\/wp-json\/wp\/v2\/media?parent=532"}],"curies":[{"name":"wp","href":"https:\/\/api.w.org\/{rel}","templated":true}]}}

Módulo 3: Cuidados com a saúde (PT)

<p>O Módulo 3 visa a abordar o funcionamento do sistema público de saúde no Brasil e o acesso a esse sistema. Para isso, trazemos informações sobre o SUS (Sistema Único de Saúde), o papel das UBSs e das UPAs no atendimento à população e também algumas formas de acesso a esses serviços, como o cartão SUS. Este módulo também traz informações sobre a Caderneta da Criança, que possibilita o acompanhamento do desenvolvimento da criança, práticas envolvendo campanhas de prevenção e vacinação e situações de interação médico-paciente e prescrição médica.</p>



<figure class="wp-block-pullquote"><blockquote><p>O Módulo 3 é composto por 4 videoaulas e por atividades disponibilizadas em pdf que podem ser realizadas pelos alunos para praticar a língua. As atividades incluem respostas comentadas.</p></blockquote></figure>



<figure class="wp-block-embed is-type-video is-provider-youtube wp-block-embed-youtube wp-embed-aspect-16-9 wp-has-aspect-ratio"><div class="wp-block-embed__wrapper">
<iframe title="MÓDULO 3: CUIDADOS COM A SUA SAÚDE // Videoaula 1 - Saúde no Brasil" width="800" height="450" src="https://www.youtube.com/embed/9rd-LUnvwaM?feature=oembed" frameborder="0" allow="accelerometer; autoplay; clipboard-write; encrypted-media; gyroscope; picture-in-picture" allowfullscreen></iframe>
</div><figcaption>Vídeo 1: <strong>Saúde no Brasil</strong></figcaption></figure>



<div style="height:60px" aria-hidden="true" class="wp-block-spacer"></div>



<figure class="wp-block-embed is-type-video is-provider-youtube wp-block-embed-youtube wp-embed-aspect-16-9 wp-has-aspect-ratio"><div class="wp-block-embed__wrapper">
<iframe title="MÓDULO 3: CUIDADOS COM A SUA SAÚDE // Videoaula 2 - Há quanto tempo você está sentindo dores de cabe" width="800" height="450" src="https://www.youtube.com/embed/gFZIa9EZMhw?feature=oembed" frameborder="0" allow="accelerometer; autoplay; clipboard-write; encrypted-media; gyroscope; picture-in-picture" allowfullscreen></iframe>
</div><figcaption>Vídeo 2: <strong>Há quanto tempo está sentindo dores na cabeça?</strong></figcaption></figure>



<div style="height:60px" aria-hidden="true" class="wp-block-spacer"></div>



<figure class="wp-block-embed is-type-video is-provider-youtube wp-block-embed-youtube wp-embed-aspect-16-9 wp-has-aspect-ratio"><div class="wp-block-embed__wrapper">
<iframe title="MÓDULO 3: CUIDADOS COM A SUA SAÚDE // Videoaula 3 - Vou prescrever uma medicação para você" width="800" height="450" src="https://www.youtube.com/embed/losCCgeQ16A?feature=oembed" frameborder="0" allow="accelerometer; autoplay; clipboard-write; encrypted-media; gyroscope; picture-in-picture" allowfullscreen></iframe>
</div><figcaption>Vído 3: <strong>Vou prescrever uma medicação para você</strong></figcaption></figure>



<div style="height:60px" aria-hidden="true" class="wp-block-spacer"></div>



<figure class="wp-block-embed is-type-video is-provider-youtube wp-block-embed-youtube wp-embed-aspect-16-9 wp-has-aspect-ratio"><div class="wp-block-embed__wrapper">
<iframe title="MÓDULO 3: CUIDADOS COM A SUA SAÚDE // Videoaula 4 – Vacinação: proteja-se e proteja quem você ama" width="800" height="450" src="https://www.youtube.com/embed/96C65FKDn9Y?feature=oembed" frameborder="0" allow="accelerometer; autoplay; clipboard-write; encrypted-media; gyroscope; picture-in-picture" allowfullscreen></iframe>
</div><figcaption>Vídeo 4: Vacinação, proteja-se e proteja quem você ama.</figcaption></figure>



<div style="height:60px" aria-hidden="true" class="wp-block-spacer"></div>



<div class="wp-block-buttons is-layout-flex wp-block-buttons-is-layout-flex">
<div class="wp-block-button"><a class="wp-block-button__link has-white-color has-vivid-cyan-blue-background-color has-text-color has-background" href="http://unisinos.br/vidamigrante/wp-content/uploads/2021/02/atividades-modulo-3.pdf" target="_blank" rel="noreferrer noopener">Baixe os exercícios comentados (.pdf)</a></div>
</div>



<div style="height:60px" aria-hidden="true" class="wp-block-spacer"></div>



<p><strong>Competências:</strong></p>



<ul class="wp-block-list"><li>Conhecer o Sistema Único de Saúde, seu funcionamento e as formas de acessá-lo.</li><li>Familiarizar-se com práticas sociais relativas ao SUS, a realização de consultas médicas, a situações de prescrições, ampliando oportunidades de participação nessas práticas.</li><li>Lidar com textos orais e escritos que permeiam essas situações de comunicação (campanhas de vacinação, Caderneta de Saúde da Criança, Cartão SUS, receita médica).</li><li>Conhecer vocabulário e estruturas linguísticas específicas envolvidas nesses contextos situados, em uma perspectiva de língua como prática social.</li></ul>



<p><strong>Conteúdos:</strong></p>



<ul class="wp-block-list"><li>Vocabulário específico relativo à área da saúde.</li><li>Recursos linguísticos envolvendo sintomas, partes do corpo, medicamentos, dosagens.</li></ul>



<p></p>
