{"id":834,"date":"2021-08-18T19:36:19","date_gmt":"2021-08-18T19:36:19","guid":{"rendered":"https:\/\/webhomserverphp82.asav.org.br\/rieonlife\/?page_id=834"},"modified":"2021-10-11T13:18:15","modified_gmt":"2021-10-11T13:18:15","slug":"conversacoes","status":"publish","type":"page","link":"https:\/\/unisinos.br\/rieonlife\/conversacoes\/","title":{"rendered":"COnversA\u00c7\u00d5ES"},"content":{"rendered":"<p>[vc_row][vc_column][vc_row_inner][vc_column_inner width=&#8221;2\/3&#8243;]<div class=\"blog blog-sc row centered layout-posts size-default layout-cols-1\"><div class=\"items col-xs-12\"><article id=\"post-904\" class=\"post-904 post type-post status-publish format-standard hentry category-conversacoes\">\r\n\t    <div class=\"ltx-description\">\r\n    \t<div class=\"ltx-post-headline\"><a href=\"https:\/\/unisinos.br\/rieonlife\/conversacoes-politicas-publicas-para-os-anos-finais-do-ensino-fundamental-e-para-a-formacao-docente\/\" class=\"ltx-date\"><span class=\"dt\">04\/10\/2021<\/span><\/a><span class=\"ltx-cats\"><a href=\"https:\/\/unisinos.br\/rieonlife\/category\/conversacoes\/\">COnversA\u00c7\u00d5ES<\/a><\/span><\/div>        <a href=\"https:\/\/unisinos.br\/rieonlife\/conversacoes-politicas-publicas-para-os-anos-finais-do-ensino-fundamental-e-para-a-formacao-docente\/\" class=\"ltx-header\"><h3>CONversA\u00c7\u00d5ES: Pol\u00edticas p\u00fablicas para os anos finais do ensino fundamental e para a forma\u00e7\u00e3o docente<\/h3><\/a>\r\n\t\t\t<div class=\"ltx-excerpt\"><p>Na segunda-feira, 02\/08,2021, iniciamos a Temporada Educa\u00e7\u00e3o OnLIFE na Educa\u00e7\u00e3o B\u00e1sica com uma sess\u00e3o de CONversA\u00c7\u00d5ES: Pol\u00edticas P\u00fablicas para os Anos &#8230;<\/p>\n<\/div>        <ul class=\"ltx-post-info\"><li class=\"ltx-icon-fav\">\r\n\t\t\t\t\t<span>0<\/span>\r\n\t\t\t\t<\/li><li class=\"ltx-icon-comments\"><span>0<\/span><\/li><\/ul>    <\/div>    \r\n<\/article><\/div><div class=\"items col-xs-12\"><article id=\"post-876\" class=\"post-876 post type-post status-publish format-standard hentry category-compartilhacoes category-conversacoes\">\r\n\t    <div class=\"ltx-description\">\r\n    \t<div class=\"ltx-post-headline\"><a href=\"https:\/\/unisinos.br\/rieonlife\/conversacoes-e-compartilhacoes-internacionalizacao-na-formacao-de-pesquisadores\/\" class=\"ltx-date\"><span class=\"dt\">15\/09\/2021<\/span><\/a><span class=\"ltx-cats\"><a href=\"https:\/\/unisinos.br\/rieonlife\/category\/compartilhacoes\/\">COMpartilhA\u00c7\u00d5ES<\/a><\/span><\/div>        <a href=\"https:\/\/unisinos.br\/rieonlife\/conversacoes-e-compartilhacoes-internacionalizacao-na-formacao-de-pesquisadores\/\" class=\"ltx-header\"><h3>COnversA\u00c7\u00d5ES e COMpartilhA\u00c7\u00d5ES: Internacionaliza\u00e7\u00e3o na forma\u00e7\u00e3o de pesquisadores<\/h3><\/a>\r\n\t\t\t<div class=\"ltx-excerpt\"><p>Segunda-feira, dia 14\/06\/2021, tivemos o terceiro epis\u00f3dio da\u00a0 temporada \u201cEduca\u00e7\u00e3o OnLIFE no Stricto Sensu\u201d, no \u00e2mbito da WebS\u00e9rie \u201cCOnversA\u00c7\u00d5ES e COM &#8230;<\/p>\n<\/div>        <ul class=\"ltx-post-info\"><li class=\"ltx-icon-fav\">\r\n\t\t\t\t\t<span>0<\/span>\r\n\t\t\t\t<\/li><li class=\"ltx-icon-comments\"><span>0<\/span><\/li><\/ul>    <\/div>    \r\n<\/article><\/div><div class=\"items col-xs-12\"><article id=\"post-873\" class=\"post-873 post type-post status-publish format-standard hentry category-conversacoes\">\r\n\t    <div class=\"ltx-description\">\r\n    \t<div class=\"ltx-post-headline\"><a href=\"https:\/\/unisinos.br\/rieonlife\/conversacoes-programa-de-formacao-de-professores-pesquisadores-do-stricto-sensu\/\" class=\"ltx-date\"><span class=\"dt\">15\/09\/2021<\/span><\/a><span class=\"ltx-cats\"><a href=\"https:\/\/unisinos.br\/rieonlife\/category\/conversacoes\/\">COnversA\u00c7\u00d5ES<\/a><\/span><\/div>        <a href=\"https:\/\/unisinos.br\/rieonlife\/conversacoes-programa-de-formacao-de-professores-pesquisadores-do-stricto-sensu\/\" class=\"ltx-header\"><h3>COnversA\u00c7\u00d5ES: Programa de Forma\u00e7\u00e3o de Professores-Pesquisadores do Stricto Sensu<\/h3><\/a>\r\n\t\t\t<div class=\"ltx-excerpt\"><p>Segunda-feira, dia 31\/05\/2021, tivemos o segundo epis\u00f3dio da temporada \u201cEduca\u00e7\u00e3o OnLIFE no Stricto Sensu\u201d, no \u00e2mbito da WebS\u00e9rie \u201cCOnversA\u00c7\u00d5ES e COMpa &#8230;<\/p>\n<\/div>        <ul class=\"ltx-post-info\"><li class=\"ltx-icon-fav\">\r\n\t\t\t\t\t<span>0<\/span>\r\n\t\t\t\t<\/li><li class=\"ltx-icon-comments\"><span>0<\/span><\/li><\/ul>    <\/div>    \r\n<\/article><\/div><div class=\"items col-xs-12\"><article id=\"post-870\" class=\"post-870 post type-post status-publish format-standard hentry category-conversacoes\">\r\n\t    <div class=\"ltx-description\">\r\n    \t<div class=\"ltx-post-headline\"><a href=\"https:\/\/unisinos.br\/rieonlife\/lancamento-do-livro-a-cidadania-digital-e-conversa-com-o-professor-e-autor-massimo-di-felice\/\" class=\"ltx-date\"><span class=\"dt\">15\/09\/2021<\/span><\/a><span class=\"ltx-cats\"><a href=\"https:\/\/unisinos.br\/rieonlife\/category\/conversacoes\/\">COnversA\u00c7\u00d5ES<\/a><\/span><\/div>        <a href=\"https:\/\/unisinos.br\/rieonlife\/lancamento-do-livro-a-cidadania-digital-e-conversa-com-o-professor-e-autor-massimo-di-felice\/\" class=\"ltx-header\"><h3>Lan\u00e7amento do livro A Cidadania Digital e conversa com o professor e autor Massimo Di Felice<\/h3><\/a>\r\n\t\t\t<div class=\"ltx-excerpt\"><p>No dia 17\/05, tivemos a alegria de conversar com o Prof. Dr. Massimo Di Felice sobre Cidadania Digital, momento em que realizou o lan\u00e7amento do seu li &#8230;<\/p>\n<\/div>        <ul class=\"ltx-post-info\"><li class=\"ltx-icon-fav\">\r\n\t\t\t\t\t<span>0<\/span>\r\n\t\t\t\t<\/li><li class=\"ltx-icon-comments\"><span>0<\/span><\/li><\/ul>    <\/div>    \r\n<\/article><\/div><\/div><div class=\"clear\"><\/div>[vc_pinterest][vc_tweetmeme][vc_facebook][\/vc_column_inner][vc_column_inner width=&#8221;1\/3&#8243;][vc_widget_sidebar sidebar_id=&#8221;sidebar-1&#8243;][\/vc_column_inner][\/vc_row_inner][\/vc_column][\/vc_row]<\/p>\n","protected":false},"excerpt":{"rendered":"<p>[vc_row][vc_column][vc_row_inner][vc_column_inner width=&#8221;2\/3&#8243;][vc_pinterest][vc_tweetmeme][vc_facebook][\/vc_column_inner][vc_column_inner width=&#8221;1\/3&#8243;][vc_widget_sidebar sidebar_id=&#8221;sidebar-1&#8243;][\/vc_column_inner][\/vc_row_inner][\/vc_column][\/vc_row]<\/p>\n","protected":false},"author":5,"featured_media":0,"parent":0,"menu_order":0,"comment_status":"closed","ping_status":"closed","template":"","meta":{"_monsterinsights_skip_tracking":false,"_monsterinsights_sitenote_active":false,"_monsterinsights_sitenote_note":"","_monsterinsights_sitenote_category":0,"footnotes":""},"class_list":["post-834","page","type-page","status-publish","hentry"],"_links":{"self":[{"href":"https:\/\/unisinos.br\/rieonlife\/wp-json\/wp\/v2\/pages\/834","targetHints":{"allow":["GET"]}}],"collection":[{"href":"https:\/\/unisinos.br\/rieonlife\/wp-json\/wp\/v2\/pages"}],"about":[{"href":"https:\/\/unisinos.br\/rieonlife\/wp-json\/wp\/v2\/types\/page"}],"author":[{"embeddable":true,"href":"https:\/\/unisinos.br\/rieonlife\/wp-json\/wp\/v2\/users\/5"}],"replies":[{"embeddable":true,"href":"https:\/\/unisinos.br\/rieonlife\/wp-json\/wp\/v2\/comments?post=834"}],"version-history":[{"count":2,"href":"https:\/\/unisinos.br\/rieonlife\/wp-json\/wp\/v2\/pages\/834\/revisions"}],"predecessor-version":[{"id":863,"href":"https:\/\/unisinos.br\/rieonlife\/wp-json\/wp\/v2\/pages\/834\/revisions\/863"}],"wp:attachment":[{"href":"https:\/\/unisinos.br\/rieonlife\/wp-json\/wp\/v2\/media?parent=834"}],"curies":[{"name":"wp","href":"https:\/\/api.w.org\/{rel}","templated":true}]}}