{"id":832,"date":"2021-08-18T19:31:58","date_gmt":"2021-08-18T19:31:58","guid":{"rendered":"https:\/\/webhomserverphp82.asav.org.br\/rieonlife\/?page_id=832"},"modified":"2021-10-11T13:15:43","modified_gmt":"2021-10-11T13:15:43","slug":"compartilhacoes","status":"publish","type":"page","link":"https:\/\/unisinos.br\/rieonlife\/compartilhacoes\/","title":{"rendered":"COMpartilhA\u00c7\u00d5ES"},"content":{"rendered":"<p>[vc_row][vc_column][vc_row_inner][vc_column_inner width=&#8221;2\/3&#8243;]<div class=\"blog blog-sc row centered layout-posts size-default layout-cols-1\"><div class=\"items col-xs-12\"><article id=\"post-953\" class=\"post-953 post type-post status-publish format-standard hentry category-compartilhacoes\">\r\n\t    <div class=\"ltx-description\">\r\n    \t<div class=\"ltx-post-headline\"><a href=\"https:\/\/unisinos.br\/rieonlife\/compartilhacoes-consultoria-com-decimo-segundo-e-ultimo-episodio-da-temporada-educacao-onlife-no-stricto-sensu\/\" class=\"ltx-date\"><span class=\"dt\">06\/12\/2021<\/span><\/a><span class=\"ltx-cats\"><a href=\"https:\/\/unisinos.br\/rieonlife\/category\/compartilhacoes\/\">COMpartilhA\u00c7\u00d5ES<\/a><\/span><\/div>        <a href=\"https:\/\/unisinos.br\/rieonlife\/compartilhacoes-consultoria-com-decimo-segundo-e-ultimo-episodio-da-temporada-educacao-onlife-no-stricto-sensu\/\" class=\"ltx-header\"><h3>COMpartilhA\u00c7\u00d5ES: Consultoria.com<\/h3><\/a>\r\n\t\t\t<div class=\"ltx-excerpt\"><p>Segunda-feira, dia 29\/11\/2021, tivemos o d\u00e9cimo segundo e \u00faltimo epis\u00f3dio da\u00a0 temporada &#8220;Educa\u00e7\u00e3o OnLIFE no Stricto Sensu&#8221;, no \u00e2mbito da W &#8230;<\/p>\n<\/div>        <ul class=\"ltx-post-info\"><li class=\"ltx-icon-fav\">\r\n\t\t\t\t\t<span>0<\/span>\r\n\t\t\t\t<\/li><li class=\"ltx-icon-comments\"><span>0<\/span><\/li><\/ul>    <\/div>    \r\n<\/article><\/div><div class=\"items col-xs-12\"><article id=\"post-938\" class=\"post-938 post type-post status-publish format-standard hentry category-compartilhacoes\">\r\n\t    <div class=\"ltx-description\">\r\n    \t<div class=\"ltx-post-headline\"><a href=\"https:\/\/unisinos.br\/rieonlife\/compartilhacoes-recontextualizacao-das-ciencias-atraves-da-literatura-de-harry-potter\/\" class=\"ltx-date\"><span class=\"dt\">08\/11\/2021<\/span><\/a><span class=\"ltx-cats\"><a href=\"https:\/\/unisinos.br\/rieonlife\/category\/compartilhacoes\/\">COMpartilhA\u00c7\u00d5ES<\/a><\/span><\/div>        <a href=\"https:\/\/unisinos.br\/rieonlife\/compartilhacoes-recontextualizacao-das-ciencias-atraves-da-literatura-de-harry-potter\/\" class=\"ltx-header\"><h3>COMpartilhA\u00c7\u00d5ES: Recontextualiza\u00e7\u00e3o das Ci\u00eancias Atrav\u00e9s da Literatura de Harry Potter<\/h3><\/a>\r\n\t\t\t<div class=\"ltx-excerpt\"><p>Na segunda-feira (08\/11) tivemos o quinto epis\u00f3dio da Temporada Educa\u00e7\u00e3o OnLIFE na Educa\u00e7\u00e3o B\u00e1sica com uma sess\u00e3o de COMpartilhA\u00c7\u00d5ES, Recontextualiza\u00e7 &#8230;<\/p>\n<\/div>        <ul class=\"ltx-post-info\"><li class=\"ltx-icon-fav\">\r\n\t\t\t\t\t<span>0<\/span>\r\n\t\t\t\t<\/li><li class=\"ltx-icon-comments\"><span>0<\/span><\/li><\/ul>    <\/div>    \r\n<\/article><\/div><div class=\"items col-xs-12\"><article id=\"post-915\" class=\"post-915 post type-post status-publish format-standard hentry category-compartilhacoes\">\r\n\t    <div class=\"ltx-description\">\r\n    \t<div class=\"ltx-post-headline\"><a href=\"https:\/\/unisinos.br\/rieonlife\/compartilhacoes-netscienceuni-decimo-primeiro-episodio-da-temporada-educacao-onlife-no-stricto-sensu\/\" class=\"ltx-date\"><span class=\"dt\">27\/10\/2021<\/span><\/a><span class=\"ltx-cats\"><a href=\"https:\/\/unisinos.br\/rieonlife\/category\/compartilhacoes\/\">COMpartilhA\u00c7\u00d5ES<\/a><\/span><\/div>        <a href=\"https:\/\/unisinos.br\/rieonlife\/compartilhacoes-netscienceuni-decimo-primeiro-episodio-da-temporada-educacao-onlife-no-stricto-sensu\/\" class=\"ltx-header\"><h3>COMpartilhA\u00c7\u00d5ES: NetScienceUNI<\/h3><\/a>\r\n\t\t\t<div class=\"ltx-excerpt\"><p>Segunda-feira, dia 25\/10\/2021, tivemos o d\u00e9cimo primeiro epis\u00f3dio da\u00a0 temporada \u201cEduca\u00e7\u00e3o OnLIFE no Stricto Sensu\u201d, no \u00e2mbito da WebS\u00e9rie \u201cCOnversA\u00c7\u00d5E &#8230;<\/p>\n<\/div>        <ul class=\"ltx-post-info\"><li class=\"ltx-icon-fav\">\r\n\t\t\t\t\t<span>0<\/span>\r\n\t\t\t\t<\/li><li class=\"ltx-icon-comments\"><span>0<\/span><\/li><\/ul>    <\/div>    \r\n<\/article><\/div><div class=\"items col-xs-12\"><article id=\"post-935\" class=\"post-935 post type-post status-publish format-standard hentry category-compartilhacoes\">\r\n\t    <div class=\"ltx-description\">\r\n    \t<div class=\"ltx-post-headline\"><a href=\"https:\/\/unisinos.br\/rieonlife\/935-2\/\" class=\"ltx-date\"><span class=\"dt\">18\/10\/2021<\/span><\/a><span class=\"ltx-cats\"><a href=\"https:\/\/unisinos.br\/rieonlife\/category\/compartilhacoes\/\">COMpartilhA\u00c7\u00d5ES<\/a><\/span><\/div>        <a href=\"https:\/\/unisinos.br\/rieonlife\/935-2\/\" class=\"ltx-header\"><h3>COMpartilhA\u00c7\u00d5ES: EMEF Jo\u00e3o Goulart e EMEF Santa Marta<\/h3><\/a>\r\n\t\t\t<div class=\"ltx-excerpt\"><p>Na segunda-feira (18\/10) tivemos o quarto epis\u00f3dio da Temporada Educa\u00e7\u00e3o OnLIFE na Educa\u00e7\u00e3o B\u00e1sica com uma sess\u00e3o de COMpartilhA\u00c7\u00d5ES, EMEF Jo\u00e3o Goular &#8230;<\/p>\n<\/div>        <ul class=\"ltx-post-info\"><li class=\"ltx-icon-fav\">\r\n\t\t\t\t\t<span>0<\/span>\r\n\t\t\t\t<\/li><li class=\"ltx-icon-comments\"><span>0<\/span><\/li><\/ul>    <\/div>    \r\n<\/article><\/div><div class=\"items col-xs-12\"><article id=\"post-908\" class=\"post-908 post type-post status-publish format-standard hentry category-compartilhacoes\">\r\n\t    <div class=\"ltx-description\">\r\n    \t<div class=\"ltx-post-headline\"><a href=\"https:\/\/unisinos.br\/rieonlife\/compartilhacoes-nos-rastros-de-algoritmos-pela-cidade\/\" class=\"ltx-date\"><span class=\"dt\">04\/10\/2021<\/span><\/a><span class=\"ltx-cats\"><a href=\"https:\/\/unisinos.br\/rieonlife\/category\/compartilhacoes\/\">COMpartilhA\u00c7\u00d5ES<\/a><\/span><\/div>        <a href=\"https:\/\/unisinos.br\/rieonlife\/compartilhacoes-nos-rastros-de-algoritmos-pela-cidade\/\" class=\"ltx-header\"><h3>COMpartilhA\u00c7\u00d5ES: Nos Rastros de Algoritmos pela Cidade<\/h3><\/a>\r\n\t\t\t<div class=\"ltx-excerpt\"><p>Na segunda-feira, 30\/08\/2021, tivemos o terceiro epis\u00f3dio da Temporada Educa\u00e7\u00e3o OnLIFE na Educa\u00e7\u00e3o B\u00e1sica com uma sess\u00e3o de COMpartilhA\u00c7\u00d5ES, Nos Rastr &#8230;<\/p>\n<\/div>        <ul class=\"ltx-post-info\"><li class=\"ltx-icon-fav\">\r\n\t\t\t\t\t<span>0<\/span>\r\n\t\t\t\t<\/li><li class=\"ltx-icon-comments\"><span>0<\/span><\/li><\/ul>    <\/div>    \r\n<\/article><\/div><div class=\"items col-xs-12\"><article id=\"post-906\" class=\"post-906 post type-post status-publish format-standard hentry category-compartilhacoes\">\r\n\t    <div class=\"ltx-description\">\r\n    \t<div class=\"ltx-post-headline\"><a href=\"https:\/\/unisinos.br\/rieonlife\/compartilhacoes-da-cultura-ao-turismo-o-patrimonio-de-bom-principio\/\" class=\"ltx-date\"><span class=\"dt\">04\/10\/2021<\/span><\/a><span class=\"ltx-cats\"><a href=\"https:\/\/unisinos.br\/rieonlife\/category\/compartilhacoes\/\">COMpartilhA\u00c7\u00d5ES<\/a><\/span><\/div>        <a href=\"https:\/\/unisinos.br\/rieonlife\/compartilhacoes-da-cultura-ao-turismo-o-patrimonio-de-bom-principio\/\" class=\"ltx-header\"><h3>COMpartilhA\u00c7\u00d5ES: Da cultura ao turismo O patrim\u00f4nio de Bom Princ\u00edpio<\/h3><\/a>\r\n\t\t\t<div class=\"ltx-excerpt\"><p>Na segunda-feira, 16\/08\/2021, tivemos o segundo epis\u00f3dio da Temporada Educa\u00e7\u00e3o OnLIFE na Educa\u00e7\u00e3o B\u00e1sica com uma sess\u00e3o de COMpartilhA\u00c7\u00d5ES, Da Cultura &#8230;<\/p>\n<\/div>        <ul class=\"ltx-post-info\"><li class=\"ltx-icon-fav\">\r\n\t\t\t\t\t<span>0<\/span>\r\n\t\t\t\t<\/li><li class=\"ltx-icon-comments\"><span>0<\/span><\/li><\/ul>    <\/div>    \r\n<\/article><\/div><div class=\"items col-xs-12\"><article id=\"post-902\" class=\"post-902 post type-post status-publish format-standard hentry category-compartilhacoes\">\r\n\t    <div class=\"ltx-description\">\r\n    \t<div class=\"ltx-post-headline\"><a href=\"https:\/\/unisinos.br\/rieonlife\/compartilhacoes-wearables-e-educacao\/\" class=\"ltx-date\"><span class=\"dt\">29\/09\/2021<\/span><\/a><span class=\"ltx-cats\"><a href=\"https:\/\/unisinos.br\/rieonlife\/category\/compartilhacoes\/\">COMpartilhA\u00c7\u00d5ES<\/a><\/span><\/div>        <a href=\"https:\/\/unisinos.br\/rieonlife\/compartilhacoes-wearables-e-educacao\/\" class=\"ltx-header\"><h3>COMpartilhA\u00c7\u00d5ES: Wearables e Educa\u00e7\u00e3o<\/h3><\/a>\r\n\t\t\t<div class=\"ltx-excerpt\"><p>Segunda-feira, dia 27\/09\/2021, tivemos o d\u00e9cimo epis\u00f3dio da\u00a0 temporada &#8220;Educa\u00e7\u00e3o OnLIFE no Stricto Sensu&#8221;, no \u00e2mbito da WebS\u00e9rie &#8220;CO &#8230;<\/p>\n<\/div>        <ul class=\"ltx-post-info\"><li class=\"ltx-icon-fav\">\r\n\t\t\t\t\t<span>0<\/span>\r\n\t\t\t\t<\/li><li class=\"ltx-icon-comments\"><span>0<\/span><\/li><\/ul>    <\/div>    \r\n<\/article><\/div><div class=\"items col-xs-12\"><article id=\"post-888\" class=\"post-888 post type-post status-publish format-standard hentry category-compartilhacoes\">\r\n\t    <div class=\"ltx-description\">\r\n    \t<div class=\"ltx-post-headline\"><a href=\"https:\/\/unisinos.br\/rieonlife\/compartilhacoes-sentir-em-rede\/\" class=\"ltx-date\"><span class=\"dt\">15\/09\/2021<\/span><\/a><span class=\"ltx-cats\"><a href=\"https:\/\/unisinos.br\/rieonlife\/category\/compartilhacoes\/\">COMpartilhA\u00c7\u00d5ES<\/a><\/span><\/div>        <a href=\"https:\/\/unisinos.br\/rieonlife\/compartilhacoes-sentir-em-rede\/\" class=\"ltx-header\"><h3>COMpartilhA\u00c7\u00d5ES: Sentir em Rede<\/h3><\/a>\r\n\t\t\t<div class=\"ltx-excerpt\"><p>Segunda-feira, dia 13\/09\/2021, tivemos o nono epis\u00f3dio da\u00a0 temporada \u201cEduca\u00e7\u00e3o OnLIFE no Stricto Sensu\u201d, no \u00e2mbito da WebS\u00e9rie \u201cCOnversA\u00c7\u00d5ES e COMpart &#8230;<\/p>\n<\/div>        <ul class=\"ltx-post-info\"><li class=\"ltx-icon-fav\">\r\n\t\t\t\t\t<span>0<\/span>\r\n\t\t\t\t<\/li><li class=\"ltx-icon-comments\"><span>0<\/span><\/li><\/ul>    <\/div>    \r\n<\/article><\/div><div class=\"items col-xs-12\"><article id=\"post-886\" class=\"post-886 post type-post status-publish format-standard hentry category-compartilhacoes\">\r\n\t    <div class=\"ltx-description\">\r\n    \t<div class=\"ltx-post-headline\"><a href=\"https:\/\/unisinos.br\/rieonlife\/compartilhacoes-o-direito-te-desafia\/\" class=\"ltx-date\"><span class=\"dt\">15\/09\/2021<\/span><\/a><span class=\"ltx-cats\"><a href=\"https:\/\/unisinos.br\/rieonlife\/category\/compartilhacoes\/\">COMpartilhA\u00c7\u00d5ES<\/a><\/span><\/div>        <a href=\"https:\/\/unisinos.br\/rieonlife\/compartilhacoes-o-direito-te-desafia\/\" class=\"ltx-header\"><h3>COMpartilhA\u00c7\u00d5ES: O direito te desafia<\/h3><\/a>\r\n\t\t\t<div class=\"ltx-excerpt\"><p>Segunda-feira, dia 23\/08\/2021, tivemos o oitavo epis\u00f3dio da\u00a0 temporada \u201cEduca\u00e7\u00e3o OnLIFE no Stricto Sensu\u201d, no \u00e2mbito da WebS\u00e9rie \u201cCOnversA\u00c7\u00d5ES e COMpa &#8230;<\/p>\n<\/div>        <ul class=\"ltx-post-info\"><li class=\"ltx-icon-fav\">\r\n\t\t\t\t\t<span>0<\/span>\r\n\t\t\t\t<\/li><li class=\"ltx-icon-comments\"><span>0<\/span><\/li><\/ul>    <\/div>    \r\n<\/article><\/div><div class=\"items col-xs-12\"><article id=\"post-884\" class=\"post-884 post type-post status-publish format-standard hentry category-compartilhacoes\">\r\n\t    <div class=\"ltx-description\">\r\n    \t<div class=\"ltx-post-headline\"><a href=\"https:\/\/unisinos.br\/rieonlife\/compartilhacoes-desafio-unisino-rumo-a-marte\/\" class=\"ltx-date\"><span class=\"dt\">15\/09\/2021<\/span><\/a><span class=\"ltx-cats\"><a href=\"https:\/\/unisinos.br\/rieonlife\/category\/compartilhacoes\/\">COMpartilhA\u00c7\u00d5ES<\/a><\/span><\/div>        <a href=\"https:\/\/unisinos.br\/rieonlife\/compartilhacoes-desafio-unisino-rumo-a-marte\/\" class=\"ltx-header\"><h3>COMpartilhA\u00c7\u00d5ES: Desafio UNISINO Rumo a Marte<\/h3><\/a>\r\n\t\t\t<div class=\"ltx-excerpt\"><p>Segunda-feira, dia 09\/08\/2021, tivemos o s\u00e9timo epis\u00f3dio da\u00a0 temporada \u201cEduca\u00e7\u00e3o OnLIFE no Stricto Sensu\u201d, no \u00e2mbito da WebS\u00e9rie \u201cCOnversA\u00c7\u00d5ES e COMpa &#8230;<\/p>\n<\/div>        <ul class=\"ltx-post-info\"><li class=\"ltx-icon-fav\">\r\n\t\t\t\t\t<span>0<\/span>\r\n\t\t\t\t<\/li><li class=\"ltx-icon-comments\"><span>0<\/span><\/li><\/ul>    <\/div>    \r\n<\/article><\/div><div class=\"items col-xs-12\"><article id=\"post-882\" class=\"post-882 post type-post status-publish format-standard hentry category-compartilhacoes\">\r\n\t    <div class=\"ltx-description\">\r\n    \t<div class=\"ltx-post-headline\"><a href=\"https:\/\/unisinos.br\/rieonlife\/compartilhacoes-super-guedes-o-super-heroi-da-macroeconomia\/\" class=\"ltx-date\"><span class=\"dt\">15\/09\/2021<\/span><\/a><span class=\"ltx-cats\"><a href=\"https:\/\/unisinos.br\/rieonlife\/category\/compartilhacoes\/\">COMpartilhA\u00c7\u00d5ES<\/a><\/span><\/div>        <a href=\"https:\/\/unisinos.br\/rieonlife\/compartilhacoes-super-guedes-o-super-heroi-da-macroeconomia\/\" class=\"ltx-header\"><h3>COMpartilhA\u00c7\u00d5ES: Super Guedes: O Super Her\u00f3i da Macroeconomia<\/h3><\/a>\r\n\t\t\t<div class=\"ltx-excerpt\"><p>Segunda-feira, dia 26\/07\/2021, tivemos o sexto epis\u00f3dio da\u00a0 temporada \u201cEduca\u00e7\u00e3o OnLIFE no Stricto Sensu\u201d, no \u00e2mbito da WebS\u00e9rie \u201cCOnversA\u00c7\u00d5ES e COMpar &#8230;<\/p>\n<\/div>        <ul class=\"ltx-post-info\"><li class=\"ltx-icon-fav\">\r\n\t\t\t\t\t<span>0<\/span>\r\n\t\t\t\t<\/li><li class=\"ltx-icon-comments\"><span>0<\/span><\/li><\/ul>    <\/div>    \r\n<\/article><\/div><div class=\"items col-xs-12\"><article id=\"post-880\" class=\"post-880 post type-post status-publish format-standard hentry category-compartilhacoes\">\r\n\t    <div class=\"ltx-description\">\r\n    \t<div class=\"ltx-post-headline\"><a href=\"https:\/\/unisinos.br\/rieonlife\/compartilhacoes-novas-aventuras-de-dom-quixote-pratica-pedagogica-inventiva\/\" class=\"ltx-date\"><span class=\"dt\">15\/09\/2021<\/span><\/a><span class=\"ltx-cats\"><a href=\"https:\/\/unisinos.br\/rieonlife\/category\/compartilhacoes\/\">COMpartilhA\u00c7\u00d5ES<\/a><\/span><\/div>        <a href=\"https:\/\/unisinos.br\/rieonlife\/compartilhacoes-novas-aventuras-de-dom-quixote-pratica-pedagogica-inventiva\/\" class=\"ltx-header\"><h3>COMpartilhA\u00c7\u00d5ES: Novas aventuras de Dom Quixote: Pr\u00e1tica pedag\u00f3gica inventiva<\/h3><\/a>\r\n\t\t\t<div class=\"ltx-excerpt\"><p>Segunda-feira, dia 12\/07\/2021, tivemos o quinto epis\u00f3dio da\u00a0 temporada \u201cEduca\u00e7\u00e3o OnLIFE no Stricto Sensu\u201d, no \u00e2mbito da WebS\u00e9rie \u201cCOnversA\u00c7\u00d5ES e COMpa &#8230;<\/p>\n<\/div>        <ul class=\"ltx-post-info\"><li class=\"ltx-icon-fav\">\r\n\t\t\t\t\t<span>0<\/span>\r\n\t\t\t\t<\/li><li class=\"ltx-icon-comments\"><span>0<\/span><\/li><\/ul>    <\/div>    \r\n<\/article><\/div><div class=\"items col-xs-12\"><article id=\"post-878\" class=\"post-878 post type-post status-publish format-standard hentry category-compartilhacoes\">\r\n\t    <div class=\"ltx-description\">\r\n    \t<div class=\"ltx-post-headline\"><a href=\"https:\/\/unisinos.br\/rieonlife\/compartilhacoes-stricto-sensu-competence-power-card\/\" class=\"ltx-date\"><span class=\"dt\">15\/09\/2021<\/span><\/a><span class=\"ltx-cats\"><a href=\"https:\/\/unisinos.br\/rieonlife\/category\/compartilhacoes\/\">COMpartilhA\u00c7\u00d5ES<\/a><\/span><\/div>        <a href=\"https:\/\/unisinos.br\/rieonlife\/compartilhacoes-stricto-sensu-competence-power-card\/\" class=\"ltx-header\"><h3>COMpartilhA\u00c7\u00d5ES: Stricto Sensu Competence Power Card<\/h3><\/a>\r\n\t\t\t<div class=\"ltx-excerpt\"><p>Segunda-feira, dia 28\/06\/2021, tivemos o quarto epis\u00f3dio da\u00a0 temporada \u201cEduca\u00e7\u00e3o OnLIFE no Stricto Sensu\u201d, no \u00e2mbito da WebS\u00e9rie \u201cCOnversA\u00c7\u00d5ES e COMpa &#8230;<\/p>\n<\/div>        <ul class=\"ltx-post-info\"><li class=\"ltx-icon-fav\">\r\n\t\t\t\t\t<span>0<\/span>\r\n\t\t\t\t<\/li><li class=\"ltx-icon-comments\"><span>0<\/span><\/li><\/ul>    <\/div>    \r\n<\/article><\/div><div class=\"items col-xs-12\"><article id=\"post-876\" class=\"post-876 post type-post status-publish format-standard hentry category-compartilhacoes category-conversacoes\">\r\n\t    <div class=\"ltx-description\">\r\n    \t<div class=\"ltx-post-headline\"><a href=\"https:\/\/unisinos.br\/rieonlife\/conversacoes-e-compartilhacoes-internacionalizacao-na-formacao-de-pesquisadores\/\" class=\"ltx-date\"><span class=\"dt\">15\/09\/2021<\/span><\/a><span class=\"ltx-cats\"><a href=\"https:\/\/unisinos.br\/rieonlife\/category\/compartilhacoes\/\">COMpartilhA\u00c7\u00d5ES<\/a><\/span><\/div>        <a href=\"https:\/\/unisinos.br\/rieonlife\/conversacoes-e-compartilhacoes-internacionalizacao-na-formacao-de-pesquisadores\/\" class=\"ltx-header\"><h3>COnversA\u00c7\u00d5ES e COMpartilhA\u00c7\u00d5ES: Internacionaliza\u00e7\u00e3o na forma\u00e7\u00e3o de pesquisadores<\/h3><\/a>\r\n\t\t\t<div class=\"ltx-excerpt\"><p>Segunda-feira, dia 14\/06\/2021, tivemos o terceiro epis\u00f3dio da\u00a0 temporada \u201cEduca\u00e7\u00e3o OnLIFE no Stricto Sensu\u201d, no \u00e2mbito da WebS\u00e9rie \u201cCOnversA\u00c7\u00d5ES e COM &#8230;<\/p>\n<\/div>        <ul class=\"ltx-post-info\"><li class=\"ltx-icon-fav\">\r\n\t\t\t\t\t<span>0<\/span>\r\n\t\t\t\t<\/li><li class=\"ltx-icon-comments\"><span>0<\/span><\/li><\/ul>    <\/div>    \r\n<\/article><\/div><\/div><div class=\"clear\"><\/div>[vc_empty_space][vc_pinterest][vc_tweetmeme][vc_facebook][\/vc_column_inner][vc_column_inner width=&#8221;1\/3&#8243;][vc_widget_sidebar sidebar_id=&#8221;sidebar-1&#8243;][\/vc_column_inner][\/vc_row_inner][\/vc_column][\/vc_row]<\/p>\n","protected":false},"excerpt":{"rendered":"<p>[vc_row][vc_column][vc_row_inner][vc_column_inner width=&#8221;2\/3&#8243;][vc_empty_space][vc_pinterest][vc_tweetmeme][vc_facebook][\/vc_column_inner][vc_column_inner width=&#8221;1\/3&#8243;][vc_widget_sidebar sidebar_id=&#8221;sidebar-1&#8243;][\/vc_column_inner][\/vc_row_inner][\/vc_column][\/vc_row]<\/p>\n","protected":false},"author":5,"featured_media":0,"parent":0,"menu_order":0,"comment_status":"closed","ping_status":"closed","template":"","meta":{"_monsterinsights_skip_tracking":false,"_monsterinsights_sitenote_active":false,"_monsterinsights_sitenote_note":"","_monsterinsights_sitenote_category":0,"footnotes":""},"class_list":["post-832","page","type-page","status-publish","hentry"],"_links":{"self":[{"href":"https:\/\/unisinos.br\/rieonlife\/wp-json\/wp\/v2\/pages\/832","targetHints":{"allow":["GET"]}}],"collection":[{"href":"https:\/\/unisinos.br\/rieonlife\/wp-json\/wp\/v2\/pages"}],"about":[{"href":"https:\/\/unisinos.br\/rieonlife\/wp-json\/wp\/v2\/types\/page"}],"author":[{"embeddable":true,"href":"https:\/\/unisinos.br\/rieonlife\/wp-json\/wp\/v2\/users\/5"}],"replies":[{"embeddable":true,"href":"https:\/\/unisinos.br\/rieonlife\/wp-json\/wp\/v2\/comments?post=832"}],"version-history":[{"count":4,"href":"https:\/\/unisinos.br\/rieonlife\/wp-json\/wp\/v2\/pages\/832\/revisions"}],"predecessor-version":[{"id":913,"href":"https:\/\/unisinos.br\/rieonlife\/wp-json\/wp\/v2\/pages\/832\/revisions\/913"}],"wp:attachment":[{"href":"https:\/\/unisinos.br\/rieonlife\/wp-json\/wp\/v2\/media?parent=832"}],"curies":[{"name":"wp","href":"https:\/\/api.w.org\/{rel}","templated":true}]}}