{"id":2274,"date":"2025-01-10T18:47:45","date_gmt":"2025-01-10T18:47:45","guid":{"rendered":"https:\/\/unisinos.br\/rieonlife\/?page_id=2274"},"modified":"2025-07-27T20:30:43","modified_gmt":"2025-07-27T20:30:43","slug":"museus-cibricidade-e-cibrifloresta-no-paradigma-da-educacao-onlife","status":"publish","type":"page","link":"https:\/\/unisinos.br\/rieonlife\/museus-cibricidade-e-cibrifloresta-no-paradigma-da-educacao-onlife\/","title":{"rendered":"Museus, Cibricidade e Cibrifloresta no Paradigma da Educa\u00e7\u00e3o OnLIFE"},"content":{"rendered":"\t\t<div data-elementor-type=\"wp-page\" data-elementor-id=\"2274\" class=\"elementor elementor-2274\" data-elementor-post-type=\"page\">\n\t\t\t\t\t\t<section class=\"elementor-section elementor-top-section elementor-element elementor-element-3d41794 elementor-section-boxed elementor-section-height-default elementor-section-height-default\" data-id=\"3d41794\" data-element_type=\"section\" data-e-type=\"section\">\n\t\t\t\t\t\t<div class=\"elementor-container elementor-column-gap-default\">\n\t\t\t\t\t<div class=\"elementor-column elementor-col-100 elementor-top-column elementor-element elementor-element-8d8df0b\" data-id=\"8d8df0b\" data-element_type=\"column\" data-e-type=\"column\">\n\t\t\t<div class=\"elementor-widget-wrap elementor-element-populated\">\n\t\t\t\t\t\t<div class=\"elementor-element elementor-element-988a7f1 elementor-widget elementor-widget-heading\" data-id=\"988a7f1\" data-element_type=\"widget\" data-e-type=\"widget\" data-widget_type=\"heading.default\">\n\t\t\t\t<div class=\"elementor-widget-container\">\n\t\t\t\t\t<h3 class=\"elementor-heading-title elementor-size-default\">Museus, Cibricidade e Cibrifloresta no Paradigma da Educa\u00e7\u00e3o OnLIFE<\/h3>\t\t\t\t<\/div>\n\t\t\t\t<\/div>\n\t\t\t\t<div class=\"elementor-element elementor-element-08d1a13 elementor-widget elementor-widget-spacer\" data-id=\"08d1a13\" data-element_type=\"widget\" data-e-type=\"widget\" data-widget_type=\"spacer.default\">\n\t\t\t\t<div class=\"elementor-widget-container\">\n\t\t\t\t\t\t\t<div class=\"elementor-spacer\">\n\t\t\t<div class=\"elementor-spacer-inner\"><\/div>\n\t\t<\/div>\n\t\t\t\t\t\t<\/div>\n\t\t\t\t<\/div>\n\t\t\t\t\t<\/div>\n\t\t<\/div>\n\t\t\t\t\t<\/div>\n\t\t<\/section>\n\t\t\t\t<section class=\"elementor-section elementor-top-section elementor-element elementor-element-3401d3e elementor-section-boxed elementor-section-height-default elementor-section-height-default\" data-id=\"3401d3e\" data-element_type=\"section\" data-e-type=\"section\">\n\t\t\t\t\t\t<div class=\"elementor-container elementor-column-gap-default\">\n\t\t\t\t\t<div class=\"elementor-column elementor-col-100 elementor-top-column elementor-element elementor-element-bbeda4d\" data-id=\"bbeda4d\" data-element_type=\"column\" data-e-type=\"column\">\n\t\t\t<div class=\"elementor-widget-wrap elementor-element-populated\">\n\t\t\t\t\t\t<div class=\"elementor-element elementor-element-42f2fef elementor-drop-cap-yes elementor-drop-cap-view-default elementor-widget elementor-widget-text-editor\" data-id=\"42f2fef\" data-element_type=\"widget\" data-e-type=\"widget\" data-settings=\"{&quot;drop_cap&quot;:&quot;yes&quot;}\" data-widget_type=\"text-editor.default\">\n\t\t\t\t<div class=\"elementor-widget-container\">\n\t\t\t\t\t\t\t\t\t<p><span style=\"font-weight: 400;\">O Hub de Museus, Cibricidade e Cibrifloresta no Paradigma da Educa\u00e7\u00e3o OnLIFE, criado em outubro de 2024, conecta <\/span><span style=\"font-weight: 400;\">centros\/grupos\/laborat\u00f3rios de pesquisa de excel\u00eancia no Brasil e no exterior que investigam essa tem\u00e1tica<\/span><span style=\"font-weight: 400;\">. O objetivo \u00e9 constituir um espa\u00e7o de problematiza\u00e7\u00e3o e de investiga\u00e7\u00e3o em ato conectivo com\u00a0 Museus, Cibricidade e Cibrifloresta no Paradigma da Educa\u00e7\u00e3o OnLIFE.<\/span><\/p>\t\t\t\t\t\t\t\t<\/div>\n\t\t\t\t<\/div>\n\t\t\t\t<div class=\"elementor-element elementor-element-6e37a4f elementor-widget elementor-widget-spacer\" data-id=\"6e37a4f\" data-element_type=\"widget\" data-e-type=\"widget\" data-widget_type=\"spacer.default\">\n\t\t\t\t<div class=\"elementor-widget-container\">\n\t\t\t\t\t\t\t<div class=\"elementor-spacer\">\n\t\t\t<div class=\"elementor-spacer-inner\"><\/div>\n\t\t<\/div>\n\t\t\t\t\t\t<\/div>\n\t\t\t\t<\/div>\n\t\t\t\t\t<\/div>\n\t\t<\/div>\n\t\t\t\t\t<\/div>\n\t\t<\/section>\n\t\t\t\t<section class=\"elementor-section elementor-top-section elementor-element elementor-element-2ec7d96 elementor-section-boxed elementor-section-height-default elementor-section-height-default\" data-id=\"2ec7d96\" data-element_type=\"section\" data-e-type=\"section\">\n\t\t\t\t\t\t<div class=\"elementor-container elementor-column-gap-default\">\n\t\t\t\t\t<div class=\"elementor-column elementor-col-100 elementor-top-column elementor-element elementor-element-614ef30\" data-id=\"614ef30\" data-element_type=\"column\" data-e-type=\"column\">\n\t\t\t<div class=\"elementor-widget-wrap elementor-element-populated\">\n\t\t\t\t\t\t<div class=\"elementor-element elementor-element-9dc621b elementor-widget elementor-widget-heading\" data-id=\"9dc621b\" data-element_type=\"widget\" data-e-type=\"widget\" data-widget_type=\"heading.default\">\n\t\t\t\t<div class=\"elementor-widget-container\">\n\t\t\t\t\t<h5 class=\"elementor-heading-title elementor-size-default\">PRODU\u00c7\u00d5ES CIENT\u00cdFICAS SOBRE EDUCA\u00c7\u00c3O ONLIFE EM MUSEUS E NA CIBRICIDADE<\/h5>\t\t\t\t<\/div>\n\t\t\t\t<\/div>\n\t\t\t\t<div class=\"elementor-element elementor-element-0a4c31f elementor-widget__width-initial elementor-widget elementor-widget-text-editor\" data-id=\"0a4c31f\" data-element_type=\"widget\" data-e-type=\"widget\" data-widget_type=\"text-editor.default\">\n\t\t\t\t<div class=\"elementor-widget-container\">\n\t\t\t\t\t\t\t\t\t<p style=\"text-align: center;\"><i class=\"fa fa-file-o\" aria-hidden=\"true\"><\/i> ARTIGO <i class=\"fa fa-film\" aria-hidden=\"true\"><\/i> V\u00cdDEO <i class=\"fa fa-book\" aria-hidden=\"true\"><\/i> LIVRO <i class=\"fa fa-bookmark\" aria-hidden=\"true\"><\/i> CAP\u00cdTULO DE LIVRO <i class=\"fa fa-users\" aria-hidden=\"true\"><\/i> PALESTRAS\/CURSO\n<i class=\"fa fa-comments-o\" aria-hidden=\"true\"><\/i> CONGRESSO\/SEMIN\u00c1RIO\/ENCONTRO <i class=\"fa fa-graduation-cap\" aria-hidden=\"true\"><\/i> PRODU\u00c7\u00c3O T\u00c9CNICA <i class=\"fa fa-lightbulb-o\" aria-hidden=\"true\"><\/i> PROJETO DE PESQUISA<\/p>\t\t\t\t\t\t\t\t<\/div>\n\t\t\t\t<\/div>\n\t\t\t\t<div class=\"elementor-element elementor-element-0fdc915 elementor-tabs-view-horizontal elementor-widget elementor-widget-tabs\" data-id=\"0fdc915\" data-element_type=\"widget\" data-e-type=\"widget\" data-widget_type=\"tabs.default\">\n\t\t\t\t<div class=\"elementor-widget-container\">\n\t\t\t\t\t\t\t<div class=\"elementor-tabs\">\n\t\t\t<div class=\"elementor-tabs-wrapper\" role=\"tablist\" >\n\t\t\t\t\t\t\t\t\t<div id=\"elementor-tab-title-1661\" class=\"elementor-tab-title elementor-tab-desktop-title\" aria-selected=\"true\" data-tab=\"1\" role=\"tab\" tabindex=\"0\" aria-controls=\"elementor-tab-content-1661\" aria-expanded=\"false\">2025<\/div>\n\t\t\t\t\t\t\t\t\t<div id=\"elementor-tab-title-1662\" class=\"elementor-tab-title elementor-tab-desktop-title\" aria-selected=\"false\" data-tab=\"2\" role=\"tab\" tabindex=\"-1\" aria-controls=\"elementor-tab-content-1662\" aria-expanded=\"false\">2024<\/div>\n\t\t\t\t\t\t\t\t\t<div id=\"elementor-tab-title-1663\" class=\"elementor-tab-title elementor-tab-desktop-title\" aria-selected=\"false\" data-tab=\"3\" role=\"tab\" tabindex=\"-1\" aria-controls=\"elementor-tab-content-1663\" aria-expanded=\"false\">2023<\/div>\n\t\t\t\t\t\t\t\t\t<div id=\"elementor-tab-title-1664\" class=\"elementor-tab-title elementor-tab-desktop-title\" aria-selected=\"false\" data-tab=\"4\" role=\"tab\" tabindex=\"-1\" aria-controls=\"elementor-tab-content-1664\" aria-expanded=\"false\">2022<\/div>\n\t\t\t\t\t\t\t\t\t<div id=\"elementor-tab-title-1665\" class=\"elementor-tab-title elementor-tab-desktop-title\" aria-selected=\"false\" data-tab=\"5\" role=\"tab\" tabindex=\"-1\" aria-controls=\"elementor-tab-content-1665\" aria-expanded=\"false\">2021<\/div>\n\t\t\t\t\t\t\t\t\t<div id=\"elementor-tab-title-1666\" class=\"elementor-tab-title elementor-tab-desktop-title\" aria-selected=\"false\" data-tab=\"6\" role=\"tab\" tabindex=\"-1\" aria-controls=\"elementor-tab-content-1666\" aria-expanded=\"false\">Participantes do projeto<\/div>\n\t\t\t\t\t\t\t<\/div>\n\t\t\t<div class=\"elementor-tabs-content-wrapper\" role=\"tablist\" aria-orientation=\"vertical\">\n\t\t\t\t\t\t\t\t\t<div class=\"elementor-tab-title elementor-tab-mobile-title\" aria-selected=\"true\" data-tab=\"1\" role=\"tab\" tabindex=\"0\" aria-controls=\"elementor-tab-content-1661\" aria-expanded=\"false\">2025<\/div>\n\t\t\t\t\t<div id=\"elementor-tab-content-1661\" class=\"elementor-tab-content elementor-clearfix\" data-tab=\"1\" role=\"tabpanel\" aria-labelledby=\"elementor-tab-title-1661\" tabindex=\"0\" hidden=\"false\"><\/div>\n\t\t\t\t\t\t\t\t\t<div class=\"elementor-tab-title elementor-tab-mobile-title\" aria-selected=\"false\" data-tab=\"2\" role=\"tab\" tabindex=\"-1\" aria-controls=\"elementor-tab-content-1662\" aria-expanded=\"false\">2024<\/div>\n\t\t\t\t\t<div id=\"elementor-tab-content-1662\" class=\"elementor-tab-content elementor-clearfix\" data-tab=\"2\" role=\"tabpanel\" aria-labelledby=\"elementor-tab-title-1662\" tabindex=\"0\" hidden=\"hidden\"><p><i class=\"fa fa-bookmark\" aria-hidden=\"true\"><\/i> <a href=\"http:\/\/dx.doi.org\/10.29327\/5385104\"><b>SCHUSTER, Bruna Elisa<\/b>; SILVEIRA, Francis Schirrmann ; SCHLEMMER, Eliane . Tri\u00e1ssico Invenire Museum: Uma Experi\u00eancia Museol\u00f3gica na Rede ConectaKaT. In: Eliane Schlemmer; Gustavo Henrique Silva de Souza, Ana Maria Marques Palagi, Joaquina Aparecida Nobre da Silva. (Org.). O Habitar do Ensinar e do Aprender em Tempos de Ecologias Inteligentes. 1ed.Montes Claros: Editora do IFNMG, 2024, v. 4, p. 229-244.<\/a><\/p><\/div>\n\t\t\t\t\t\t\t\t\t<div class=\"elementor-tab-title elementor-tab-mobile-title\" aria-selected=\"false\" data-tab=\"3\" role=\"tab\" tabindex=\"-1\" aria-controls=\"elementor-tab-content-1663\" aria-expanded=\"false\">2023<\/div>\n\t\t\t\t\t<div id=\"elementor-tab-content-1663\" class=\"elementor-tab-content elementor-clearfix\" data-tab=\"3\" role=\"tabpanel\" aria-labelledby=\"elementor-tab-title-1663\" tabindex=\"0\" hidden=\"hidden\"><div class=\"layout-cell layout-cell-11\"><i class=\"fa fa-file-o\" aria-hidden=\"true\"><\/i> <a href=\"http:\/\/dx.doi.org\/10.21527\/2179-1309.2023.120.13440\"><span class=\"transform\"><b>SCHUSTER, Bruna Elisa<\/b>;\u00a0SCHLEMMER, Eliane. A cidade como espa\u00e7o de aprendizagem: Da cultura ao turismo &#8211; o patrim\u00f4nio de Bom Princ\u00edpio. CONTEXTO &amp; EDUCA\u00c7\u00c3O, v. 38, p. e13440-15, 2023.<\/span><\/a><\/div><div class=\"artigo-completo\"><div class=\"layout-cell layout-cell-1 text-align-right\"><div class=\"layout-cell-pad-6 text-align-right\"><b>12.<\/b><\/div><\/div><div class=\"layout-cell layout-cell-11\"><p><i class=\"fa fa-file-o\" aria-hidden=\"true\"><\/i><br \/><a href=\"http:\/\/dx.doi.org\/10.58152\/ApeducJournal.471\" target=\"_blank\" rel=\"noopener\">LIMA, C. C. ; OLIVEIRA, L. C. ;\u00a0SCHLEMMER, Eliane\u00a0. PR\u00c1TICA PEDAG\u00d3GICA GAMIFICADA NA CONFIGURA\u00c7\u00c3O DE UM TERRIT\u00d3RIO IMERSIVO DE APRENDIZAGEM. APEduC Revista | APEduC Journal, v. 4, p. 1-17, 2023.<\/a><\/p><p><i class=\"fa fa-file-o\" aria-hidden=\"true\"><\/i><br \/>MENEZES, J. ; LA ROCCA, Fabio ;\u00a0<b>SCHLEMMER, Eliane<\/b>\u00a0. Computational Thinking In The Cibricity: Experiences In Onlife Education. RUSCA. Revue de sciences humaines &amp; sociales, v. 2, p. 1-31, 2023.<\/p><\/div><\/div><div class=\"artigo-completo\"><div class=\"layout-cell layout-cell-11\"><p><i class=\"fa fa-lightbulb-o\" aria-hidden=\"true\"><\/i> <span class=\"transform\"><a href=\"https:\/\/ceted.feevale.br\/proedu\/HTML\/index.html\">O Museu como espa\u00e7o de aprendizagem &#8211; Edital FAPERGS SEBRAE\/RS 03\/2021 &#8211; Programa de apoio a projetos de pesquisa e de inova\u00e7\u00e3o na \u00e1rea de Educa\u00e7\u00e3o B\u00e1sica -PROEdu.<\/a><\/span><\/p><\/div><div class=\"layout-cell layout-cell-11\"><p><i class=\"fa fa-book\" aria-hidden=\"true\"><\/i> <span class=\"transform\"><a href=\"https:\/\/ceted.feevale.br\/proedu\/HTML\/assets\/pdf\/museu_como_espaco_aprendizagem_28_07.pdf\">Patr\u00edcia Scherer Bassani; STEYER, D. (Org.) ; CUNHA, Franciele. A. (Org.) . O museu como espa\u00e7o de aprendizagem: arte, tecnologia, educa\u00e7\u00e3o. 1. ed. Porto Alegre: Code, 2023. v. 1. 107p .<\/a><\/span><\/p><\/div><\/div><\/div>\n\t\t\t\t\t\t\t\t\t<div class=\"elementor-tab-title elementor-tab-mobile-title\" aria-selected=\"false\" data-tab=\"4\" role=\"tab\" tabindex=\"-1\" aria-controls=\"elementor-tab-content-1664\" aria-expanded=\"false\">2022<\/div>\n\t\t\t\t\t<div id=\"elementor-tab-content-1664\" class=\"elementor-tab-content elementor-clearfix\" data-tab=\"4\" role=\"tabpanel\" aria-labelledby=\"elementor-tab-title-1664\" tabindex=\"0\" hidden=\"hidden\"><p><i class=\"fa fa-file-o\" aria-hidden=\"true\"><\/i> <a style=\"background-color: #ffffff;\" href=\"http:\/\/dx.doi.org\/10.20368\/1971-8829\/1135694\"><span style=\"font-weight: bold;\">SCHLEMMER, Eliane<\/span>; OLIVEIRA, L. C. ; SANTOS, A. W. . Digital citizenship and invention: the ecosystem inhabiting of education for social transformation. Journal Of E-Learning And Knowledge Society<span style=\"font-size: 10.5px; line-height: 0; position: relative; vertical-align: baseline; top: -0.5em;\"><img decoding=\"async\" id=\"19718829_20\" class=\"ajaxJCR jcrTip\" style=\"border-width: 0px; vertical-align: baseline; background: none 0px 0px repeat scroll transparent; font-size: 11px; margin: 0px; padding: 0px;\" src=\"https:\/\/buscatextual.cnpq.br\/buscatextual\/images\/curriculo\/jcr.gif\" data-issn=\"19718829\" \/><\/span>, v. 18, p. 140-150, 2022.<\/a><\/p><p><i class=\"fa fa-bookmark\" aria-hidden=\"true\"><\/i>\u00a0<a style=\"background-color: #ffffff;\" href=\"http:\/\/www.guaritadigital.com.br\/casaleiria\/acervo\/educacao\/desafios\/268\/index.html\"><strong>Bassani<\/strong>, <strong>Patr\u00edcia Scherer<\/strong>. Arte e tecnologia: o protagonismo dos objetos t\u00e9cnicos no contexto da arte interativa. In: Schlemmer, Eliane; Backer, Luciana; Palagi, Ana Maria; Guedes, Anibal. (Org.). O habitar do ensinar e do aprender: desafios para\/na\/da educa\u00e7\u00e3o onLife. 1ed.S\u00e3o Leopoldo: Casa Leiria, 2022, v. , p. 269-284.<\/a><\/p><\/div>\n\t\t\t\t\t\t\t\t\t<div class=\"elementor-tab-title elementor-tab-mobile-title\" aria-selected=\"false\" data-tab=\"5\" role=\"tab\" tabindex=\"-1\" aria-controls=\"elementor-tab-content-1665\" aria-expanded=\"false\">2021<\/div>\n\t\t\t\t\t<div id=\"elementor-tab-content-1665\" class=\"elementor-tab-content elementor-clearfix\" data-tab=\"5\" role=\"tabpanel\" aria-labelledby=\"elementor-tab-title-1665\" tabindex=\"0\" hidden=\"hidden\"><\/div>\n\t\t\t\t\t\t\t\t\t<div class=\"elementor-tab-title elementor-tab-mobile-title\" aria-selected=\"false\" data-tab=\"6\" role=\"tab\" tabindex=\"-1\" aria-controls=\"elementor-tab-content-1666\" aria-expanded=\"false\">Participantes do projeto<\/div>\n\t\t\t\t\t<div id=\"elementor-tab-content-1666\" class=\"elementor-tab-content elementor-clearfix\" data-tab=\"6\" role=\"tabpanel\" aria-labelledby=\"elementor-tab-title-1666\" tabindex=\"0\" hidden=\"hidden\"><style>\n    .principal {\n        display: flex;\n        flex-wrap: wrap;\n        justify-content: center;\n        gap: 2rem;\n        padding: 2rem;\n        background-color: #f3f4f6;\n    }\n\n    .card {\n        background: white;\n        border-radius: 1rem;\n        padding: 1.5rem;\n        width: 280px;\n        box-shadow: 0 4px 12px rgba(0, 0, 0, 0.1);\n        display: flex;\n        flex-direction: column;\n        align-items: center;\n        text-align: center;\n        transition: transform 0.3s;\n    }\n\n    .card:hover {\n        transform: translateY(-5px);\n    }\n\n    .imagem {\n        width: 10em !important;\n        height: 10em !important;\n        border-radius: 50% !important;\n        object-fit: cover;\n        margin-bottom: 1rem;\n        flex-shrink: 0;\n        background-color: #e5e7eb;\n    }\n\n    .nome {\n        font-weight: bold;\n        font-size: 1.1rem;\n        color: #111827;\n        margin-bottom: 0.5rem;\n    }\n\n    .descricao {\n        font-size: 0.95rem;\n        color: #374151;\n        margin-bottom: 1rem;\n    }\n\n    .links {\n        display: flex;\n        gap: 1rem;\n        flex-wrap: wrap;\n        justify-content: center;\n    }\n\n    .links a {\n        font-size: 0.9rem;\n        color: #2563eb;\n        text-decoration: none;\n        font-weight: 500;\n    }\n\n    .links a:hover {\n        text-decoration: underline;\n    }\n\n    @media (max-width: 480px) {\n        .card {\n            width: 100%;\n        }\n    }\n<\/style>\n\n<div class=\"principal\">\n    <!-- Card -->\n    <div class=\"card\">\n        <img decoding=\"async\" src=\"https:\/\/unisinos.br\/rieonlife\/wp-content\/uploads\/2025\/05\/patricia-e1746127784411.jpeg\"\n            alt=\"Patr\u00edcia Scherer Bassani\" class=\"imagem\" loading=\"lazy\">\n        <div class=\"nome\">Patr\u00edcia Scherer Bassani<\/div>\n        <div class=\"descricao\">\n            Professora do PPG em Diversidade Cultural e Inclus\u00e3o Social na Universidade Feevale. L\u00edder do Grupo de\n            Pesquisa em Inform\u00e1tica na Educa\u00e7\u00e3o &#8211; gp_inEdu Feevale\/CNPq\n        <\/div>\n        <div class=\"links\">\n            <a href=\"http:\/\/lattes.cnpq.br\/2502439781919473\">Lattes<\/a>\n            <a href=\"http:\/\/www.linkedin.com\/in\/pbassani\">LinkedIn<\/a>\n            <a href=\"https:\/\/linktr.ee\/patriciab\">Outros<\/a>\n        <\/div>\n    <\/div>\n\n    <!-- Card -->\n    <div class=\"card\">\n        <img decoding=\"async\" src=\"https:\/\/unisinos.br\/rieonlife\/wp-content\/uploads\/2025\/05\/vinicius-e1746127426590.jpg\"\n            alt=\"Vinicius Hartmann Ferreira\" class=\"imagem\" loading=\"lazy\">\n        <div class=\"nome\">Vinicius Hartmann Ferreira<\/div>\n        <div class=\"descricao\">\n            Escritor e professor da \u00e1rea de Computa\u00e7\u00e3o no Instituto Federal do Rio Grande do Sul\n        <\/div>\n        <div class=\"links\">\n            <a href=\"http:\/\/lattes.cnpq.br\/8839352605511604\">Lattes<\/a>\n            <a href=\"https:\/\/www.instagram.com\/ferreira.h.v\/\">Instagram<\/a>\n        <\/div>\n    <\/div>\n\n    <!-- Card -->\n    <div class=\"card\">\n        <img decoding=\"async\" src=\"https:\/\/unisinos.br\/rieonlife\/wp-content\/uploads\/2025\/05\/yohanna.jpeg\" alt=\"Yohana Marx\"\n            class=\"imagem\" loading=\"lazy\">\n        <div class=\"nome\">Yohana Marx<\/div>\n        <div class=\"descricao\">\n            Doutoranda e Mestre em Diversidade Cultural e Inclus\u00e3o Social &#8211; Bolsista integral CNPq &#8211; Universidade\n            Feevale\n        <\/div>\n        <div class=\"links\">\n        <\/div>\n    <\/div>\n\n    <!-- Card -->\n    <div class=\"card\">\n        <img decoding=\"async\" src=\"https:\/\/unisinos.br\/rieonlife\/wp-content\/uploads\/2025\/05\/eliane-e1746127725748.jpg\"\n            alt=\"Eliane Schlemmer\" class=\"imagem\" loading=\"lazy\">\n        <div class=\"nome\">Eliane Schlemmer<\/div>\n        <div class=\"descricao\">\n            Doutora em Inform\u00e1tica na Educa\u00e7\u00e3o, mestre em Psicologia do Desenvolvimento pela Universidade Federal do Rio\n            Grande do Sul (UFRGS) e bacharel em Inform\u00e1tica pela Universidade do Vale do Rio dos Sinos (UNISINOS).\n        <\/div>\n        <div class=\"links\">\n        <\/div>\n    <\/div>\n\n    <!-- Card -->\n    <div class=\"card\">\n        <img decoding=\"async\" src=\"https:\/\/unisinos.br\/rieonlife\/wp-content\/uploads\/2025\/05\/raul.jpg\" alt=\"Raul de Souza Nunes\"\n            class=\"imagem\" loading=\"lazy\">\n        <div class=\"nome\">Raul de Souza Nunes<\/div>\n        <div class=\"descricao\">\n            Designer e professor. Doutorando em Educa\u00e7\u00e3o e Mestre em Ind\u00fastria Criativa.\n        <\/div>\n        <div class=\"links\">\n        <\/div>\n    <\/div>\n<\/div><\/div>\n\t\t\t\t\t\t\t<\/div>\n\t\t<\/div>\n\t\t\t\t\t\t<\/div>\n\t\t\t\t<\/div>\n\t\t\t\t\t<\/div>\n\t\t<\/div>\n\t\t\t\t\t<\/div>\n\t\t<\/section>\n\t\t\t\t<\/div>\n\t\t","protected":false},"excerpt":{"rendered":"<p>Museus, Cibricidade e Cibrifloresta no Paradigma da Educa\u00e7\u00e3o OnLIFE O Hub de Museus, Cibricidade e Cibrifloresta no Paradigma da Educa\u00e7\u00e3o OnLIFE, criado em outubro de 2024, conecta centros\/grupos\/laborat\u00f3rios de pesquisa de excel\u00eancia no Brasil e no exterior que investigam essa tem\u00e1tica. O objetivo \u00e9 constituir um espa\u00e7o de problematiza\u00e7\u00e3o e de investiga\u00e7\u00e3o em ato conectivo com\u00a0 Museus, Cibricidade e Cibrifloresta no Paradigma da Educa\u00e7\u00e3o OnLIFE. PRODU\u00c7\u00d5ES CIENT\u00cdFICAS SOBRE EDUCA\u00c7\u00c3O ONLIFE EM MUSEUS E NA CIBRICIDADE ARTIGO V\u00cdDEO LIVRO CAP\u00cdTULO DE LIVRO PALESTRAS\/CURSO CONGRESSO\/SEMIN\u00c1RIO\/ENCONTRO PRODU\u00c7\u00c3O T\u00c9CNICA PROJETO DE PESQUISA 2025 2024 2023 2022 2021 Participantes do projeto 2025 2024 SCHUSTER, Bruna Elisa; SILVEIRA, Francis Schirrmann ; SCHLEMMER, Eliane . Tri\u00e1ssico Invenire Museum: Uma Experi\u00eancia Museol\u00f3gica na Rede ConectaKaT. In: Eliane Schlemmer; Gustavo Henrique Silva de Souza, Ana Maria Marques Palagi, Joaquina Aparecida Nobre da Silva. (Org.). O Habitar do Ensinar e do Aprender em Tempos de Ecologias Inteligentes. 1ed.Montes Claros: Editora [&hellip;]<\/p>\n","protected":false},"author":5,"featured_media":0,"parent":0,"menu_order":0,"comment_status":"closed","ping_status":"closed","template":"","meta":{"_monsterinsights_skip_tracking":false,"_monsterinsights_sitenote_active":false,"_monsterinsights_sitenote_note":"","_monsterinsights_sitenote_category":0,"footnotes":""},"class_list":["post-2274","page","type-page","status-publish","hentry"],"_links":{"self":[{"href":"https:\/\/unisinos.br\/rieonlife\/wp-json\/wp\/v2\/pages\/2274","targetHints":{"allow":["GET"]}}],"collection":[{"href":"https:\/\/unisinos.br\/rieonlife\/wp-json\/wp\/v2\/pages"}],"about":[{"href":"https:\/\/unisinos.br\/rieonlife\/wp-json\/wp\/v2\/types\/page"}],"author":[{"embeddable":true,"href":"https:\/\/unisinos.br\/rieonlife\/wp-json\/wp\/v2\/users\/5"}],"replies":[{"embeddable":true,"href":"https:\/\/unisinos.br\/rieonlife\/wp-json\/wp\/v2\/comments?post=2274"}],"version-history":[{"count":65,"href":"https:\/\/unisinos.br\/rieonlife\/wp-json\/wp\/v2\/pages\/2274\/revisions"}],"predecessor-version":[{"id":2425,"href":"https:\/\/unisinos.br\/rieonlife\/wp-json\/wp\/v2\/pages\/2274\/revisions\/2425"}],"wp:attachment":[{"href":"https:\/\/unisinos.br\/rieonlife\/wp-json\/wp\/v2\/media?parent=2274"}],"curies":[{"name":"wp","href":"https:\/\/api.w.org\/{rel}","templated":true}]}}