{"id":36,"date":"2016-07-18T20:53:15","date_gmt":"2016-07-18T20:53:15","guid":{"rendered":"https:\/\/webhomserverphp82.asav.org.br\/cidadania\/?page_id=36"},"modified":"2019-08-21T15:19:34","modified_gmt":"2019-08-21T18:19:34","slug":"sobre","status":"publish","type":"page","link":"https:\/\/unisinos.br\/cidadania\/sobre\/","title":{"rendered":"SOBRE"},"content":{"rendered":"<div class=\"fusion-fullwidth fullwidth-box fusion-builder-row-1 hundred-percent-fullwidth non-hundred-percent-height-scrolling\" style=\"--awb-border-radius-top-left:0px;--awb-border-radius-top-right:0px;--awb-border-radius-bottom-right:0px;--awb-border-radius-bottom-left:0px;--awb-overflow:visible;--awb-flex-wrap:wrap;\" ><div class=\"fusion-builder-row fusion-row\"><div class=\"fusion-layout-column fusion_builder_column fusion-builder-column-0 fusion_builder_column_1_1 1_1 fusion-one-full fusion-column-first fusion-column-last fusion-column-no-min-height\" style=\"--awb-bg-size:cover;--awb-margin-bottom:0px;\"><div class=\"fusion-column-wrapper fusion-flex-column-wrapper-legacy\"><div class=\"fusion-text fusion-text-1\"><p>Cidadania.com \u00e9 um projeto online e off-line (online: estar vis\u00edvel e conectado as redes sociais, e off-line: n\u00e3o estar conectado em redes sociais) de iniciativa do Centro de Cidadania e A\u00e7\u00e3o Social da Unisinos, com vistas a socializar informa\u00e7\u00f5es relativas aos servi\u00e7os sociais dispon\u00edveis no munic\u00edpio de S\u00e3o Leopoldo. Assessora a rede socioassistencial do munic\u00edpio, assim como os cidad\u00e3os e cidad\u00e3s de S\u00e3o Leopoldo oportunizando o acesso \u00e0 informa\u00e7\u00e3o por meio dessa tecnologia social.<\/p>\n<p>Assim, oferece um espa\u00e7o de publiciza\u00e7\u00e3o de estudos e pesquisas que possa ampliar o conhecimento da sociedade sobre os seus direitos de cidadania.<\/p>\n<\/div><div class=\"fusion-clearfix\"><\/div><\/div><\/div><div class=\"fusion-layout-column fusion_builder_column fusion-builder-column-1 fusion_builder_column_1_1 1_1 fusion-one-full fusion-column-first fusion-column-last fusion-column-no-min-height\" style=\"--awb-bg-size:cover;--awb-margin-bottom:0px;\"><div class=\"fusion-column-wrapper fusion-flex-column-wrapper-legacy\"><div class=\"accordian fusion-accordian\" style=\"--awb-border-size:1px;--awb-icon-size:13px;--awb-content-font-size:15px;--awb-icon-alignment:left;--awb-hover-color:#f9f9f9;--awb-border-color:#cccccc;--awb-background-color:#ffffff;--awb-divider-color:#e0dede;--awb-divider-hover-color:#e0dede;--awb-icon-color:#ffffff;--awb-title-color:#023dc9;--awb-content-color:#747474;--awb-icon-box-color:#fc7e29;--awb-toggle-hover-accent-color:#0d2348;--awb-title-font-family:&quot;Antic Slab&quot;;--awb-title-font-weight:400;--awb-title-font-style:normal;--awb-title-font-size:13px;--awb-content-font-family:&quot;PT Sans&quot;;--awb-content-font-style:normal;--awb-content-font-weight:400;\"><div class=\"panel-group fusion-toggle-icon-boxed\" id=\"accordion-36-1\"><div class=\"fusion-panel panel-default panel-82046ac8288892d0c fusion-toggle-no-divider\"><div class=\"panel-heading\"><h4 class=\"panel-title toggle\" id=\"toggle_82046ac8288892d0c\"><a aria-expanded=\"false\" aria-controls=\"82046ac8288892d0c\" role=\"button\" data-toggle=\"collapse\" data-parent=\"#accordion-36-1\" data-target=\"#82046ac8288892d0c\" href=\"#82046ac8288892d0c\"><span class=\"fusion-toggle-icon-wrapper\" aria-hidden=\"true\"><i class=\"fa-fusion-box active-icon awb-icon-minus\" aria-hidden=\"true\"><\/i><i class=\"fa-fusion-box inactive-icon awb-icon-plus\" aria-hidden=\"true\"><\/i><\/span><span class=\"fusion-toggle-heading\"><b>Hist\u00f3rico<\/b><\/span><\/a><\/h4><\/div><div id=\"82046ac8288892d0c\" class=\"panel-collapse collapse \" aria-labelledby=\"toggle_82046ac8288892d0c\"><div class=\"panel-body toggle-content fusion-clearfix\">O Cidadania.com tem suas origens no Manual da Cidadania, um documento criado para <b>divulga<\/b><strong>r<\/strong> a sociedade de S\u00e3o Leopoldo os\u00a0<b>recursos sociais<\/b> dispon\u00edveis na cidade. Idealizado em 1999 por monitores e professores do projeto, o manual foi publicado no ano 2000 e oferecido \u00e0 comunidade no formato impresso e online.<\/p>\n<p>A elabora\u00e7\u00e3o desse guia constitui-se numa importante ferramenta e <b>processo articulador <\/b>entre a Unisinos e a cidade. O Manual da Cidadania vinha para atender o interesse e a necessidade manifestos pelos programas e servi\u00e7os da universidade, pelos conselhos de direitos e pol\u00edticas e por organiza\u00e7\u00f5es sociais. Constru\u00eddo coletivamente, o guia trazia informa\u00e7\u00f5es em vista da publiciza\u00e7\u00e3o, acesso, garantia, controle e enredamento dos recursos sociais pela popula\u00e7\u00e3o e organiza\u00e7\u00f5es sociais leopoldenses.<\/p>\n<p>Dada a complexidade desta execu\u00e7\u00e3o, optou-se por uma vers\u00e3o exclusivamente online, que nos primeiros meses do ano de 2003, passa a denominar-se Cidadania.com \u2013 Guia online de cidadania de S\u00e3o Leopoldo.<\/p>\n<p>No momento, o Cidadania.com constitui-se como um projeto de iniciativa do Centro de Cidadania e A\u00e7\u00e3o Social da Unisinos. O projeto apresenta em seu \u00a0site uma rela\u00e7\u00e3o permanentemente atualizada de: servi\u00e7os p\u00fablicos, programas, projetos e servi\u00e7os de conviv\u00eancia, lista de alguns conselhos municipais de direitos e setoriais, legisla\u00e7\u00f5es, publiciza\u00e7\u00e3o de textos, sistematiza\u00e7\u00f5es sobre atas de reuni\u00f5es de redes, entre outros. Desta forma, possibilita o acesso a<b> In-Forma\u00e7\u00e3o<\/b> necess\u00e1ria \u00e0 garantia , a amplia\u00e7\u00e3o e a afirma\u00e7\u00e3o da rede de cidadania e controle social pela popula\u00e7\u00e3o leopoldense.<\/div><\/div><\/div><div class=\"fusion-panel panel-default panel-c946c6a5f0cd047a2 fusion-toggle-no-divider\"><div class=\"panel-heading\"><h4 class=\"panel-title toggle\" id=\"toggle_c946c6a5f0cd047a2\"><a aria-expanded=\"false\" aria-controls=\"c946c6a5f0cd047a2\" role=\"button\" data-toggle=\"collapse\" data-parent=\"#accordion-36-1\" data-target=\"#c946c6a5f0cd047a2\" href=\"#c946c6a5f0cd047a2\"><span class=\"fusion-toggle-icon-wrapper\" aria-hidden=\"true\"><i class=\"fa-fusion-box active-icon awb-icon-minus\" aria-hidden=\"true\"><\/i><i class=\"fa-fusion-box inactive-icon awb-icon-plus\" aria-hidden=\"true\"><\/i><\/span><span class=\"fusion-toggle-heading\"><b>Defini\u00e7\u00e3o<\/b><\/span><\/a><\/h4><\/div><div id=\"c946c6a5f0cd047a2\" class=\"panel-collapse collapse \" aria-labelledby=\"toggle_c946c6a5f0cd047a2\"><div class=\"panel-body toggle-content fusion-clearfix\"><b>O que \u00e9 cidadania?<\/b><\/p>\n<p>A cidadania tem sido tema e compromisso assumido por agentes pol\u00edticos, econ\u00f4micos e sociais do mundo inteiro. Embora seja largamente tratada, a cidadania representa um desafio permanente para grande parcela da popula\u00e7\u00e3o, especialmente para aqueles que n\u00e3o t\u00eam garantido seus direitos: civis e pol\u00edticos (1\u00aa gera\u00e7\u00e3o ou dimens\u00e3o), sociais (2\u00aa gera\u00e7\u00e3o) e ambientais (3\u00aa gera\u00e7\u00e3o). Assim, se constr\u00f3i na dial\u00e9tica das rela\u00e7\u00f5es entre o espa\u00e7o e o tempo, entre o local e o global, entre os direitos e os deveres, entre o individual e o coletivo, entre o pessoal, o organizacional e o societ\u00e1rio, entre a sociedade civil, o mercado e o estado, entre o ideal e o real etc. Pretende-se que este espa\u00e7o aprofunde e enrede concep\u00e7\u00f5es, investiga\u00e7\u00f5es, sistematiza\u00e7\u00f5es e pr\u00e1ticas sobre cidadania.<\/p>\n<p>Sugest\u00e3o de leitura sobre a 1\u00aa, 2\u00aa e 3\u00aa gera\u00e7\u00e3o ou dimens\u00e3o:<\/p>\n<p><a href=\"http:\/\/www.ambito-juridico.com.br\/site\/?n_link=revista_artigos_leitura&amp;artigo_id=11750\" target=\"_blank\" rel=\"noopener noreferrer\">Gera\u00e7\u00f5es ou dimens\u00f5es dos direitos fundamentais?<\/a><\/p>\n<p><a href=\"http:\/\/lms.ead1.com.br\/upload\/biblioteca\/modulo_1600\/0O6YAY3U5B.pdf\" target=\"_blank\" rel=\"noopener noreferrer\">Direitos fundamentais, globaliza\u00e7\u00e3o e neoliberalismo &#8211; Paulo Bonavides (PDF)<\/a><\/p>\n<p><a href=\"..\/cidadania-e\/\"><strong>Saiba mais sobre o termo cidadania<\/strong><\/a><\/div><\/div><\/div><\/div><\/div><div class=\"fusion-sep-clear\"><\/div><div class=\"fusion-separator fusion-full-width-sep\" style=\"margin-left: auto;margin-right: auto;margin-top:50px;width:100%;\"><\/div><div class=\"fusion-sep-clear\"><\/div><div class=\"fusion-clearfix\"><\/div><\/div><\/div><div class=\"fusion-layout-column fusion_builder_column fusion-builder-column-2 fusion_builder_column_1_1 1_1 fusion-one-full fusion-column-first fusion-column-last fusion-column-no-min-height\" style=\"--awb-bg-size:cover;--awb-margin-bottom:0px;\"><div class=\"fusion-column-wrapper fusion-flex-column-wrapper-legacy\"><style type='text\/css'>.reading-box-container-1 .element-bottomshadow:before,.reading-box-container-1 .element-bottomshadow:after{opacity:0.7;}<\/style><div class=\"fusion-reading-box-container reading-box-container-1 fusion-animated\" style=\"--awb-title-color:#333333;--awb-margin-top:0px;--awb-margin-bottom:84px;\" data-animationType=\"fadeInDown\" data-animationDuration=\"1\" data-animationOffset=\"top-into-view\"><div class=\"reading-box\" style=\"background-color:#f6f6f6;border-width:1px;border-color:#f6f6f6;border-top-width:3px;border-top-color:var(--primary_color);border-style:solid;\"><h2>Prioridades Sociais<\/h2><div class=\"reading-box-description fusion-reading-box-additional\">A Universidade do Vale do Rio dos Sinos alinha estrategicamente sua Responsabilidade Social Universit\u00e1ria a outras pautas, destacando aten\u00e7\u00e3o especial e priorizando tr\u00eas importantes tem\u00e1ticas, a saber:<\/div><div class=\"reading-box-additional\">\n<ul>\n<li data-fontsize=\"18\" data-lineheight=\"27\">Educa\u00e7\u00e3o das Rela\u00e7\u00f5es \u00e9tnico-raciais<\/li>\n<li data-fontsize=\"18\" data-lineheight=\"27\">Cuidado com a vida, as \u00c1guas e o Meio Ambiente<\/li>\n<li data-fontsize=\"18\" data-lineheight=\"27\">Supera\u00e7\u00e3o da Pobreza atrav\u00e9s de Tecnologias Sociais de Trabalho e Organiza\u00e7\u00e3o<\/li>\n<\/ul>\n<p>Todos os programas, projetos e servi\u00e7os do Centro de Cidadania e A\u00e7\u00e3o Social da Unisinos devem se empenhar em trabalh\u00e1-las de forma intr\u00ednseca e permanente.<\/p>\n<p><i class=\"fa fa-download fa-lg\" style=\"color: #fc7e29;\"><\/i><a href=\"..\/wp-content\/uploads\/2016\/07\/tres-enfases-e-responsabilidade-social.pdf\" target=\"_blank\" rel=\"noopener noreferrer\"> Confira o texto sobre as tr\u00eas enfases e a responsabilidade das universidades sociais<\/a><\/div><div class=\"fusion-clearfix\"><\/div><\/div><\/div><div class=\"fusion-clearfix\"><\/div><\/div><\/div><\/div><\/div>\n","protected":false},"excerpt":{"rendered":"","protected":false},"author":1,"featured_media":0,"parent":0,"menu_order":0,"comment_status":"closed","ping_status":"closed","template":"","meta":{"_monsterinsights_skip_tracking":false,"_monsterinsights_sitenote_active":false,"_monsterinsights_sitenote_note":"","_monsterinsights_sitenote_category":0,"footnotes":""},"class_list":["post-36","page","type-page","status-publish","hentry"],"_links":{"self":[{"href":"https:\/\/unisinos.br\/cidadania\/wp-json\/wp\/v2\/pages\/36","targetHints":{"allow":["GET"]}}],"collection":[{"href":"https:\/\/unisinos.br\/cidadania\/wp-json\/wp\/v2\/pages"}],"about":[{"href":"https:\/\/unisinos.br\/cidadania\/wp-json\/wp\/v2\/types\/page"}],"author":[{"embeddable":true,"href":"https:\/\/unisinos.br\/cidadania\/wp-json\/wp\/v2\/users\/1"}],"replies":[{"embeddable":true,"href":"https:\/\/unisinos.br\/cidadania\/wp-json\/wp\/v2\/comments?post=36"}],"version-history":[{"count":134,"href":"https:\/\/unisinos.br\/cidadania\/wp-json\/wp\/v2\/pages\/36\/revisions"}],"predecessor-version":[{"id":1933,"href":"https:\/\/unisinos.br\/cidadania\/wp-json\/wp\/v2\/pages\/36\/revisions\/1933"}],"wp:attachment":[{"href":"https:\/\/unisinos.br\/cidadania\/wp-json\/wp\/v2\/media?parent=36"}],"curies":[{"name":"wp","href":"https:\/\/api.w.org\/{rel}","templated":true}]}}